CRAN Package Check Results for Package eDMA

Last updated on 2019-07-16 00:48:06 CEST.

Flavor Version Tinstall Tcheck Ttotal Status Flags
r-devel-linux-x86_64-debian-clang 1.5-3 85.09 30.38 115.47 OK
r-devel-linux-x86_64-debian-gcc 1.5-3 78.08 24.88 102.96 OK
r-devel-linux-x86_64-fedora-clang 1.5-3 185.15 NOTE
r-devel-linux-x86_64-fedora-gcc 1.5-3 183.00 OK
r-devel-windows-ix86+x86_64 1.5-3 223.00 70.00 293.00 OK
r-patched-linux-x86_64 1.5-3 90.80 30.09 120.89 OK
r-patched-solaris-x86 1.5-3 186.20 ERROR
r-release-linux-x86_64 1.5-3 93.83 29.55 123.38 OK
r-release-windows-ix86+x86_64 1.5-3 163.00 96.00 259.00 OK
r-release-osx-x86_64 1.5-3 OK
r-oldrel-windows-ix86+x86_64 1.5-3 219.00 65.00 284.00 OK
r-oldrel-osx-x86_64 1.5-3 OK

Check Details

Version: 1.5-3
Check: installed package size
Result: NOTE
     installed size is 5.2Mb
     sub-directories of 1Mb or more:
     libs 4.9Mb
Flavor: r-devel-linux-x86_64-fedora-clang

Version: 1.5-3
Check: examples
Result: ERROR
    Running examples in ‘eDMA-Ex.R’ failed
    The error most likely occurred in:
    
    > ### Name: BacktestDMA
    > ### Title: Backtest measures for Dynamic Model Averaging and comparison
    > ### with Dynamic Model Selection
    > ### Aliases: BacktestDMA
    >
    > ### ** Examples
    >
    >
    > library(eDMA)
    >
    > ## load data
    > data("USData")
    >
    > ## do DMA, keep the first three predictors fixed and the intercept
    > Fit <- DMA(GDPDEF ~ Lag(GDPDEF, 1) + Lag(GDPDEF, 2) + Lag(GDPDEF, 3) +
    + Lag(ROUTP, 1) + Lag(UNEMP, 1), data = USData, vDelta = c(0.9, 0.95, 0.99),
    + vKeep = c(1, 2, 3))
    
    error: sort(): detected NaN
    Error in funcEstimate_Eff_par(vY, mF, vDelta, dAlpha, vKeep, dBeta, bZellnerPrior, :
     sort(): detected NaN
    Calls: DMA -> funcEstimate_Eff_par
    Execution halted
Flavor: r-patched-solaris-x86