CRAN Package Check Results for Package eDMA

Last updated on 2019-10-20 00:47:28 CEST.

Flavor Version Tinstall Tcheck Ttotal Status Flags
r-devel-linux-x86_64-debian-clang 1.5-3 105.63 30.24 135.87 OK
r-devel-linux-x86_64-debian-gcc 1.5-3 86.50 23.89 110.39 OK
r-devel-linux-x86_64-fedora-clang 1.5-3 195.95 NOTE
r-devel-linux-x86_64-fedora-gcc 1.5-3 188.91 OK
r-devel-windows-ix86+x86_64 1.5-3 173.00 65.00 238.00 OK
r-patched-linux-x86_64 1.5-3 87.75 31.40 119.15 OK
r-patched-solaris-x86 1.5-3 181.90 OK
r-release-linux-x86_64 1.5-3 88.36 29.15 117.51 OK
r-release-windows-ix86+x86_64 1.5-3 161.00 62.00 223.00 OK
r-release-osx-x86_64 1.5-3 OK
r-oldrel-windows-ix86+x86_64 1.5-3 157.00 62.00 219.00 OK
r-oldrel-osx-x86_64 1.5-3 OK

Check Details

Version: 1.5-3
Check: installed package size
Result: NOTE
     installed size is 5.7Mb
     sub-directories of 1Mb or more:
     libs 5.4Mb
Flavor: r-devel-linux-x86_64-fedora-clang