CRAN Package Check Results for Package ebdbNet

Last updated on 2019-12-06 00:49:54 CET.

Flavor Version Tinstall Tcheck Ttotal Status Flags
r-devel-linux-x86_64-debian-clang 1.2.5 7.24 26.09 33.33 OK
r-devel-linux-x86_64-debian-gcc 1.2.5 4.73 21.07 25.80 OK
r-devel-linux-x86_64-fedora-clang 1.2.5 40.83 NOTE
r-devel-linux-x86_64-fedora-gcc 1.2.5 37.85 NOTE
r-devel-windows-ix86+x86_64 1.2.5 14.00 74.00 88.00 OK
r-devel-windows-ix86+x86_64-gcc8 1.2.5 14.00 49.00 63.00 OK
r-patched-linux-x86_64 1.2.5 5.03 24.27 29.30 OK
r-patched-solaris-x86 1.2.5 60.90 OK
r-release-linux-x86_64 1.2.5 4.51 24.22 28.73 OK
r-release-windows-ix86+x86_64 1.2.5 17.00 47.00 64.00 OK
r-release-osx-x86_64 1.2.5 OK
r-oldrel-windows-ix86+x86_64 1.2.5 11.00 65.00 76.00 OK
r-oldrel-osx-x86_64 1.2.5 OK

Check Details

Version: 1.2.5
Check: compiled code
Result: NOTE
    File ‘ebdbNet/libs/ebdbNet.so’:
     Found no calls to: ‘R_registerRoutines’, ‘R_useDynamicSymbols’
    
    It is good practice to register native routines and to disable symbol
    search.
    
    See ‘Writing portable packages’ in the ‘Writing R Extensions’ manual.
Flavors: r-devel-linux-x86_64-fedora-clang, r-devel-linux-x86_64-fedora-gcc