CRAN Package Check Results for Package eefAnalytics

Last updated on 2019-12-06 00:49:54 CET.

Flavor Version Tinstall Tcheck Ttotal Status Flags
r-devel-linux-x86_64-debian-clang 1.0.6 16.21 96.87 113.08 OK
r-devel-linux-x86_64-debian-gcc 1.0.6 13.20 76.27 89.47 OK
r-devel-linux-x86_64-fedora-clang 1.0.6 130.26 OK
r-devel-linux-x86_64-fedora-gcc 1.0.6 129.56 OK
r-devel-windows-ix86+x86_64 1.0.6 23.00 146.00 169.00 OK
r-devel-windows-ix86+x86_64-gcc8 1.0.6 24.00 94.00 118.00 OK
r-patched-linux-x86_64 1.0.6 15.88 92.23 108.11 OK
r-patched-solaris-x86 1.0.6 201.30 OK
r-release-linux-x86_64 1.0.6 14.04 89.95 103.99 OK
r-release-windows-ix86+x86_64 1.0.6 26.00 92.00 118.00 OK
r-release-osx-x86_64 1.0.6 FAIL
r-oldrel-windows-ix86+x86_64 1.0.6 14.00 84.00 98.00 OK
r-oldrel-osx-x86_64 1.0.6 OK

Check Details

Version: 1.0.6
Check: whether package can be installed
Result: FAIL
    
Flavor: r-release-osx-x86_64