CRAN Package Check Results for Package eefAnalytics

Last updated on 2019-08-17 00:51:11 CEST.

Flavor Version Tinstall Tcheck Ttotal Status Flags
r-devel-linux-x86_64-debian-clang 1.0.6 13.64 89.67 103.31 OK
r-devel-linux-x86_64-debian-gcc 1.0.6 12.11 71.73 83.84 OK
r-devel-linux-x86_64-fedora-clang 1.0.6 128.90 OK
r-devel-linux-x86_64-fedora-gcc 1.0.6 124.64 OK
r-devel-windows-ix86+x86_64 1.0.6 29.00 128.00 157.00 OK
r-patched-linux-x86_64 1.0.6 14.15 89.57 103.72 OK
r-patched-solaris-x86 1.0.6 219.00 OK
r-release-linux-x86_64 1.0.6 12.30 92.44 104.74 OK
r-release-windows-ix86+x86_64 1.0.6 31.00 131.00 162.00 OK
r-release-osx-x86_64 1.0.6 FAIL
r-oldrel-windows-ix86+x86_64 1.0.6 19.00 110.00 129.00 OK
r-oldrel-osx-x86_64 1.0.6 OK

Check Details

Version: 1.0.6
Check: whether package can be installed
Result: FAIL
    
Flavor: r-release-osx-x86_64