CRAN Package Check Results for Package eha

Last updated on 2019-08-24 00:52:26 CEST.

Flavor Version Tinstall Tcheck Ttotal Status Flags
r-devel-linux-x86_64-debian-clang 2.6.0 22.46 92.21 114.67 OK
r-devel-linux-x86_64-debian-gcc 2.6.0 18.11 74.13 92.24 OK
r-devel-linux-x86_64-fedora-clang 2.6.0 145.84 WARN
r-devel-linux-x86_64-fedora-gcc 2.6.0 124.53 OK
r-devel-windows-ix86+x86_64 2.6.0 56.00 129.00 185.00 OK
r-patched-linux-x86_64 2.6.0 21.64 93.47 115.11 OK
r-patched-solaris-x86 2.6.0 193.20 OK
r-release-linux-x86_64 2.6.0 20.23 93.87 114.10 OK
r-release-windows-ix86+x86_64 2.6.0 84.00 166.00 250.00 OK
r-release-osx-x86_64 2.6.0 OK
r-oldrel-windows-ix86+x86_64 2.6.0 73.00 148.00 221.00 OK
r-oldrel-osx-x86_64 2.6.0 OK

Additional issues

LTO

Check Details

Version: 2.6.0
Check: whether package can be installed
Result: WARN
    Found the following significant warnings:
     sup.c:34:27: warning: expression result unused [-Wunused-value]
Flavor: r-devel-linux-x86_64-fedora-clang