CRAN Package Check Results for Package eigeninv

Last updated on 2019-09-17 00:49:13 CEST.

Flavor Version Tinstall Tcheck Ttotal Status Flags
r-devel-linux-x86_64-debian-clang 2011.8-1 1.64 16.11 17.75 NOTE
r-devel-linux-x86_64-debian-gcc 2011.8-1 NOTE
r-devel-linux-x86_64-fedora-clang 2011.8-1 23.03 NOTE
r-devel-linux-x86_64-fedora-gcc 2011.8-1 21.87 NOTE
r-devel-windows-ix86+x86_64 2011.8-1 7.00 36.00 43.00 NOTE
r-patched-linux-x86_64 2011.8-1 1.40 16.43 17.83 NOTE
r-patched-solaris-x86 2011.8-1 35.10 NOTE
r-release-linux-x86_64 2011.8-1 1.34 16.44 17.78 NOTE
r-release-windows-ix86+x86_64 2011.8-1 5.00 36.00 41.00 NOTE
r-release-osx-x86_64 2011.8-1 NOTE
r-oldrel-windows-ix86+x86_64 2011.8-1 2.00 25.00 27.00 NOTE
r-oldrel-osx-x86_64 2011.8-1 NOTE

Check Details

Version: 2011.8-1
Check: R code for possible problems
Result: NOTE
    eiginv: no visible global function definition for 'runif'
    Undefined global functions or variables:
     runif
    Consider adding
     importFrom("stats", "runif")
    to your NAMESPACE file.
Flavors: r-devel-linux-x86_64-debian-clang, r-devel-linux-x86_64-debian-gcc, r-devel-linux-x86_64-fedora-clang, r-devel-linux-x86_64-fedora-gcc, r-devel-windows-ix86+x86_64, r-patched-linux-x86_64, r-patched-solaris-x86, r-release-linux-x86_64, r-release-windows-ix86+x86_64, r-release-osx-x86_64, r-oldrel-windows-ix86+x86_64, r-oldrel-osx-x86_64