CRAN Package Check Results for Package elastic

Last updated on 2019-09-16 00:47:39 CEST.

Flavor Version Tinstall Tcheck Ttotal Status Flags
r-devel-linux-x86_64-debian-clang 1.0.0 6.90 39.36 46.26 OK
r-devel-linux-x86_64-debian-gcc 1.0.0 6.06 30.52 36.58 OK
r-devel-linux-x86_64-fedora-clang 1.0.0 56.29 OK
r-devel-linux-x86_64-fedora-gcc 1.0.0 50.63 OK
r-devel-windows-ix86+x86_64 1.0.0 16.00 57.00 73.00 OK
r-patched-linux-x86_64 1.0.0 6.06 40.18 46.24 OK
r-patched-solaris-x86 1.0.0 77.90 NOTE
r-release-linux-x86_64 1.0.0 6.27 39.51 45.78 OK
r-release-windows-ix86+x86_64 1.0.0 10.00 56.00 66.00 OK
r-release-osx-x86_64 1.0.0 OK
r-oldrel-windows-ix86+x86_64 1.0.0 14.00 54.00 68.00 OK
r-oldrel-osx-x86_64 1.0.0 OK

Check Details

Version: 1.0.0
Check: installed package size
Result: NOTE
     installed size is 5.0Mb
     sub-directories of 1Mb or more:
     examples 4.2Mb
Flavor: r-patched-solaris-x86