CRAN Package Check Results for Package epanet2toolkit

Last updated on 2019-09-21 00:52:39 CEST.

Flavor Version Tinstall Tcheck Ttotal Status Flags
r-devel-linux-x86_64-debian-clang 0.3.2 10.75 25.18 35.93 WARN
r-devel-linux-x86_64-debian-gcc 0.3.2 8.86 20.67 29.53 WARN
r-devel-linux-x86_64-fedora-clang 0.3.2 47.28 NOTE
r-devel-linux-x86_64-fedora-gcc 0.3.2 46.53 WARN
r-devel-windows-ix86+x86_64 0.3.2 45.00 54.00 99.00 OK
r-patched-linux-x86_64 0.3.2 9.74 25.69 35.43 WARN
r-patched-solaris-x86 0.3.2 64.90 OK
r-release-linux-x86_64 0.3.2 9.56 25.49 35.05 WARN
r-release-windows-ix86+x86_64 0.3.2 38.00 61.00 99.00 OK
r-release-osx-x86_64 0.3.2 OK
r-oldrel-windows-ix86+x86_64 0.3.2 34.00 51.00 85.00 OK
r-oldrel-osx-x86_64 0.3.2 OK

Check Details

Version: 0.3.2
Check: whether package can be installed
Result: WARN
    Found the following significant warnings:
     epanet.c:2472:7: warning: ignoring return value of function declared with 'warn_unused_result' attribute [-Wunused-result]
     epanet.c:2474:7: warning: ignoring return value of function declared with 'warn_unused_result' attribute [-Wunused-result]
     output.c:597:13: warning: ignoring return value of function declared with 'warn_unused_result' attribute [-Wunused-result]
     report.c:448:10: warning: ignoring return value of function declared with 'warn_unused_result' attribute [-Wunused-result]
     report.c:453:10: warning: ignoring return value of function declared with 'warn_unused_result' attribute [-Wunused-result]
Flavor: r-devel-linux-x86_64-debian-clang

Version: 0.3.2
Check: for non-standard things in the check directory
Result: NOTE
    Found the following files/directories:
     'Net1.bin' 'Net1.rpt'
Flavors: r-devel-linux-x86_64-debian-clang, r-devel-linux-x86_64-debian-gcc, r-devel-linux-x86_64-fedora-clang, r-devel-linux-x86_64-fedora-gcc

Version: 0.3.2
Check: whether package can be installed
Result: WARN
    Found the following significant warnings:
     epanet.c:2472:7: warning: ignoring return value of ‘fread’, declared with attribute warn_unused_result [-Wunused-result]
     epanet.c:2474:7: warning: ignoring return value of ‘fread’, declared with attribute warn_unused_result [-Wunused-result]
     /usr/include/x86_64-linux-gnu/bits/string_fortified.h:106:10: warning: ‘__builtin_strncpy’ output may be truncated copying 31 bytes from a string of length 31 [-Wstringop-truncation]
     output.c:597:13: warning: ignoring return value of ‘fread’, declared with attribute warn_unused_result [-Wunused-result]
     report.c:448:10: warning: ignoring return value of ‘fread’, declared with attribute warn_unused_result [-Wunused-result]
     report.c:453:10: warning: ignoring return value of ‘fread’, declared with attribute warn_unused_result [-Wunused-result]
Flavor: r-devel-linux-x86_64-debian-gcc

Version: 0.3.2
Check: whether package can be installed
Result: WARN
    Found the following significant warnings:
     epanet.c:2472:7: warning: ignoring return value of ‘fread’, declared with attribute warn_unused_result [-Wunused-result]
     epanet.c:2474:7: warning: ignoring return value of ‘fread’, declared with attribute warn_unused_result [-Wunused-result]
     /usr/include/bits/string_fortified.h:106:10: warning: ‘__builtin_strncpy’ output may be truncated copying 31 bytes from a string of length 31 [-Wstringop-truncation]
     output.c:597:13: warning: ignoring return value of ‘fread’, declared with attribute warn_unused_result [-Wunused-result]
     report.c:448:10: warning: ignoring return value of ‘fread’, declared with attribute warn_unused_result [-Wunused-result]
     report.c:453:10: warning: ignoring return value of ‘fread’, declared with attribute warn_unused_result [-Wunused-result]
Flavor: r-devel-linux-x86_64-fedora-gcc

Version: 0.3.2
Check: whether package can be installed
Result: WARN
    Found the following significant warnings:
     epanet.c:999:5: warning: ‘strncpy’ output may be truncated copying 31 bytes from a string of length 31 [-Wstringop-truncation]
     epanet.c:1000:5: warning: ‘strncpy’ output may be truncated copying 31 bytes from a string of length 31 [-Wstringop-truncation]
     epanet.c:1492:3: warning: ‘strncpy’ output may be truncated copying 31 bytes from a string of length 31 [-Wstringop-truncation]
     epanet.c:2308:7: warning: ‘strncpy’ output may be truncated copying 31 bytes from a string of length 31 [-Wstringop-truncation]
     epanet.c:2309:7: warning: ‘strncpy’ output may be truncated copying 31 bytes from a string of length 31 [-Wstringop-truncation]
     input1.c:454:7: warning: ‘strncpy’ output may be truncated copying 31 bytes from a string of length 31 [-Wstringop-truncation]
     input1.c:455:7: warning: ‘strncpy’ output may be truncated copying 31 bytes from a string of length 31 [-Wstringop-truncation]
     input3.c:604:2: warning: ‘strncpy’ output may be truncated copying 31 bytes from a string of length 31 [-Wstringop-truncation]
Flavors: r-patched-linux-x86_64, r-release-linux-x86_64