CRAN Package Check Results for Package epoc

Last updated on 2019-07-16 00:48:06 CEST.

Flavor Version Tinstall Tcheck Ttotal Status Flags
r-devel-linux-x86_64-debian-clang 0.2.6-1 8.83 57.49 66.32 OK
r-devel-linux-x86_64-debian-gcc 0.2.6-1 6.82 47.18 54.00 OK
r-devel-linux-x86_64-fedora-clang 0.2.6-1 79.27 OK
r-devel-linux-x86_64-fedora-gcc 0.2.6-1 78.18 OK
r-devel-windows-ix86+x86_64 0.2.6-1 21.00 64.00 85.00 OK
r-patched-linux-x86_64 0.2.6-1 6.99 58.02 65.01 OK
r-patched-solaris-x86 0.2.6-1 122.30 OK
r-release-linux-x86_64 0.2.6-1 8.75 57.99 66.74 OK
r-release-windows-ix86+x86_64 0.2.6-1 15.00 101.00 116.00 OK
r-release-osx-x86_64 0.2.6-1 NOTE
r-oldrel-windows-ix86+x86_64 0.2.6-1 12.00 64.00 76.00 OK
r-oldrel-osx-x86_64 0.2.6-1 OK

Check Details

Version: 0.2.6-1
Check: package dependencies
Result: NOTE
    Package suggested but not available for checking: ‘graph’
Flavor: r-release-osx-x86_64