CRAN Package Check Results for Package epoc

Last updated on 2019-10-22 00:52:22 CEST.

Flavor Version Tinstall Tcheck Ttotal Status Flags
r-devel-linux-x86_64-debian-clang 0.2.6-1.1 8.92 57.28 66.20 OK
r-devel-linux-x86_64-debian-gcc 0.2.6-1.1 5.72 46.33 52.05 OK
r-devel-linux-x86_64-fedora-clang 0.2.6-1.1 78.92 OK
r-devel-linux-x86_64-fedora-gcc 0.2.6-1.1 79.55 OK
r-devel-windows-ix86+x86_64 0.2.6-1.1 16.00 90.00 106.00 OK
r-patched-linux-x86_64 0.2.6-1.1 7.63 56.84 64.47 OK
r-patched-solaris-x86 0.2.6-1.1 119.10 OK
r-release-linux-x86_64 0.2.6-1.1 6.17 57.07 63.24 OK
r-release-windows-ix86+x86_64 0.2.6-1.1 17.00 65.00 82.00 OK
r-release-osx-x86_64 0.2.6-1.1 NOTE
r-oldrel-windows-ix86+x86_64 0.2.6-1.1 9.00 63.00 72.00 OK
r-oldrel-osx-x86_64 0.2.6-1.1 OK

Check Details

Version: 0.2.6-1.1
Check: package dependencies
Result: NOTE
    Package suggested but not available for checking: ‘graph’
Flavor: r-release-osx-x86_64