CRAN Package Check Results for Package equSA

Last updated on 2019-07-16 00:48:06 CEST.

Flavor Version Tinstall Tcheck Ttotal Status Flags
r-devel-linux-x86_64-debian-clang 1.2.1 15.52 115.38 130.90 NOTE
r-devel-linux-x86_64-debian-gcc 1.2.1 11.43 87.31 98.74 NOTE
r-devel-linux-x86_64-fedora-clang 1.2.1 155.44 NOTE
r-devel-linux-x86_64-fedora-gcc 1.2.1 173.20 NOTE
r-devel-windows-ix86+x86_64 1.2.1 38.00 223.00 261.00 OK
r-patched-linux-x86_64 1.2.1 12.91 129.81 142.72 OK
r-patched-solaris-x86 1.2.1 267.20 OK
r-release-linux-x86_64 1.2.1 12.38 130.08 142.46 OK
r-release-windows-ix86+x86_64 1.2.1 26.00 291.00 317.00 OK
r-release-osx-x86_64 1.2.1 OK
r-oldrel-windows-ix86+x86_64 1.2.1 35.00 224.00 259.00 OK
r-oldrel-osx-x86_64 1.2.1 OK

Check Details

Version: 1.2.1
Check: for non-standard things in the check directory
Result: NOTE
    Found the following files/directories:
     'Net1' 'Net2'
Flavors: r-devel-linux-x86_64-debian-clang, r-devel-linux-x86_64-debian-gcc, r-devel-linux-x86_64-fedora-clang, r-devel-linux-x86_64-fedora-gcc