CRAN Package Check Results for Package equSA

Last updated on 2019-10-15 00:49:53 CEST.

Flavor Version Tinstall Tcheck Ttotal Status Flags
r-devel-linux-x86_64-debian-clang 1.2.1 12.74 113.95 126.69 NOTE
r-devel-linux-x86_64-debian-gcc 1.2.1 12.06 87.15 99.21 NOTE
r-devel-linux-x86_64-fedora-clang 1.2.1 154.83 NOTE
r-devel-linux-x86_64-fedora-gcc 1.2.1 172.41 NOTE
r-devel-windows-ix86+x86_64 1.2.1 27.00 286.00 313.00 OK
r-patched-linux-x86_64 1.2.1 11.69 128.04 139.73 OK
r-patched-solaris-x86 1.2.1 258.10 OK
r-release-linux-x86_64 1.2.1 13.51 128.25 141.76 OK
r-release-windows-ix86+x86_64 1.2.1 39.00 229.00 268.00 OK
r-release-osx-x86_64 1.2.1 OK
r-oldrel-windows-ix86+x86_64 1.2.1 22.00 206.00 228.00 OK
r-oldrel-osx-x86_64 1.2.1 OK

Check Details

Version: 1.2.1
Check: for non-standard things in the check directory
Result: NOTE
    Found the following files/directories:
     'Net1' 'Net2'
Flavors: r-devel-linux-x86_64-debian-clang, r-devel-linux-x86_64-debian-gcc, r-devel-linux-x86_64-fedora-clang, r-devel-linux-x86_64-fedora-gcc