CRAN Package Check Results for Package ergm.count

Last updated on 2019-12-16 00:48:53 CET.

Flavor Version Tinstall Tcheck Ttotal Status Flags
r-devel-linux-x86_64-debian-clang 3.4.0 10.83 88.80 99.63 OK
r-devel-linux-x86_64-debian-gcc 3.4.0 9.52 70.31 79.83 OK
r-devel-linux-x86_64-fedora-clang 3.4.0 120.15 OK
r-devel-linux-x86_64-fedora-gcc 3.4.0 120.17 OK
r-devel-windows-ix86+x86_64 3.4.0 26.00 188.00 214.00 OK
r-devel-windows-ix86+x86_64-gcc8 3.4.0 27.00 219.00 246.00 OK
r-patched-linux-x86_64 3.4.0 10.02 79.06 89.08 OK
r-patched-solaris-x86 3.4.0 167.10 OK
r-release-linux-x86_64 3.4.0 8.80 79.58 88.38 OK
r-release-windows-ix86+x86_64 3.4.0 24.00 135.00 159.00 OK
r-release-osx-x86_64 3.4.0 OK
r-oldrel-windows-ix86+x86_64 3.4.0 15.00 136.00 151.00 OK
r-oldrel-osx-x86_64 3.4.0 ERROR

Check Details

Version: 3.4.0
Check: package dependencies
Result: ERROR
    Package required and available but unsuitable version: ‘ergm’
    
    See section ‘The DESCRIPTION file’ in the ‘Writing R Extensions’
    manual.
Flavor: r-oldrel-osx-x86_64