CRAN Package Check Results for Package ergm

Last updated on 2019-12-06 00:49:55 CET.

Flavor Version Tinstall Tcheck Ttotal Status Flags
r-devel-linux-x86_64-debian-clang 3.10.4 60.33 614.42 674.75 OK
r-devel-linux-x86_64-debian-gcc 3.10.4 50.55 474.14 524.69 OK
r-devel-linux-x86_64-fedora-clang 3.10.4 809.38 NOTE
r-devel-linux-x86_64-fedora-gcc 3.10.4 768.57 OK
r-devel-windows-ix86+x86_64 3.10.4 119.00 235.00 354.00 OK --no-examples --no-tests --no-vignettes
r-devel-windows-ix86+x86_64-gcc8 3.10.4 139.00 172.00 311.00 OK --no-examples --no-tests --no-vignettes
r-patched-linux-x86_64 3.10.4 53.38 567.78 621.16 OK
r-patched-solaris-x86 3.10.4 1157.60 OK
r-release-linux-x86_64 3.10.4 57.18 559.75 616.93 OK
r-release-windows-ix86+x86_64 3.10.4 125.00 168.00 293.00 OK --no-examples --no-tests --no-vignettes
r-release-osx-x86_64 3.10.4 NOTE
r-oldrel-windows-ix86+x86_64 3.10.4 119.00 217.00 336.00 OK --no-examples --no-tests --no-vignettes
r-oldrel-osx-x86_64 3.10.4 ERROR

Check Details

Version: 3.10.4
Check: installed package size
Result: NOTE
     installed size is 5.6Mb
     sub-directories of 1Mb or more:
     doc 1.6Mb
     libs 2.1Mb
Flavors: r-devel-linux-x86_64-fedora-clang, r-release-osx-x86_64

Version: 3.10.4
Check: package dependencies
Result: NOTE
    Package suggested but not available for checking: ‘Rmpi’
Flavor: r-release-osx-x86_64

Version: 3.10.4
Check: package dependencies
Result: ERROR
    Package required and available but unsuitable version: ‘MASS’
    
    Package suggested but not available for checking: ‘Rmpi’
    
    See section ‘The DESCRIPTION file’ in the ‘Writing R Extensions’
    manual.
Flavor: r-oldrel-osx-x86_64