CRAN Package Check Results for Package ergm

Last updated on 2019-08-19 00:46:22 CEST.

Flavor Version Tinstall Tcheck Ttotal Status Flags
r-devel-linux-x86_64-debian-clang 3.10.4 51.53 601.93 653.46 OK
r-devel-linux-x86_64-debian-gcc 3.10.4 48.87 469.32 518.19 OK
r-devel-linux-x86_64-fedora-clang 3.10.4 756.15 NOTE
r-devel-linux-x86_64-fedora-gcc 3.10.4 759.77 OK
r-devel-windows-ix86+x86_64 3.10.4 161.00 321.00 482.00 OK --no-examples --no-tests --no-vignettes
r-patched-linux-x86_64 3.10.4 53.55 583.88 637.43 OK
r-patched-solaris-x86 3.10.4 1200.80 OK
r-release-linux-x86_64 3.10.4 49.10 591.12 640.22 OK
r-release-windows-ix86+x86_64 3.10.4 120.00 166.00 286.00 OK --no-examples --no-tests --no-vignettes
r-release-osx-x86_64 3.10.4 NOTE
r-oldrel-windows-ix86+x86_64 3.10.4 170.00 219.00 389.00 OK --no-examples --no-tests --no-vignettes
r-oldrel-osx-x86_64 3.10.4 ERROR

Check Details

Version: 3.10.4
Check: installed package size
Result: NOTE
     installed size is 5.6Mb
     sub-directories of 1Mb or more:
     doc 1.6Mb
     libs 2.1Mb
Flavors: r-devel-linux-x86_64-fedora-clang, r-release-osx-x86_64

Version: 3.10.4
Check: package dependencies
Result: NOTE
    Package suggested but not available for checking: ‘Rmpi’
Flavor: r-release-osx-x86_64

Version: 3.10.4
Check: package dependencies
Result: ERROR
    Package required and available but unsuitable version: ‘MASS’
    
    Package suggested but not available for checking: ‘Rmpi’
    
    See section ‘The DESCRIPTION file’ in the ‘Writing R Extensions’
    manual.
Flavor: r-oldrel-osx-x86_64