CRAN Package Check Results for Package evaluator

Last updated on 2019-07-16 00:48:06 CEST.

Flavor Version Tinstall Tcheck Ttotal Status Flags
r-devel-linux-x86_64-debian-clang 0.4.0 3.31 3.38 6.69 ERROR
r-devel-linux-x86_64-debian-gcc 0.4.0 2.98 2.76 5.74 ERROR
r-devel-linux-x86_64-fedora-clang 0.4.0 7.80 ERROR
r-devel-linux-x86_64-fedora-gcc 0.4.0 7.92 ERROR
r-devel-windows-ix86+x86_64 0.4.0 10.00 7.00 17.00 ERROR
r-patched-linux-x86_64 0.4.0 4.12 3.53 7.65 ERROR
r-patched-solaris-x86 0.4.0 9.40 ERROR
r-release-linux-x86_64 0.4.0 2.79 3.30 6.09 ERROR
r-release-windows-ix86+x86_64 0.4.0 7.00 7.00 14.00 ERROR
r-release-osx-x86_64 0.4.0 OK
r-oldrel-windows-ix86+x86_64 0.4.0 8.00 7.00 15.00 ERROR
r-oldrel-osx-x86_64 0.4.0 OK

Check Details

Version: 0.4.0
Check: whether package can be installed
Result: ERROR
    Installation failed.
Flavors: r-devel-linux-x86_64-debian-clang, r-devel-linux-x86_64-debian-gcc, r-devel-linux-x86_64-fedora-clang, r-devel-linux-x86_64-fedora-gcc, r-devel-windows-ix86+x86_64, r-patched-linux-x86_64, r-patched-solaris-x86, r-release-linux-x86_64, r-release-windows-ix86+x86_64, r-oldrel-windows-ix86+x86_64