CRAN Package Check Results for Package evdbayes

Last updated on 2019-09-21 00:52:39 CEST.

Flavor Version Tinstall Tcheck Ttotal Status Flags
r-devel-linux-x86_64-debian-clang 1.1-1 3.49 27.43 30.92 NOTE
r-devel-linux-x86_64-debian-gcc 1.1-1 3.15 21.50 24.65 NOTE
r-devel-linux-x86_64-fedora-clang 1.1-1 38.74 NOTE
r-devel-linux-x86_64-fedora-gcc 1.1-1 38.26 NOTE
r-devel-windows-ix86+x86_64 1.1-1 17.00 59.00 76.00 NOTE
r-patched-linux-x86_64 1.1-1 3.08 27.37 30.45 NOTE
r-patched-solaris-x86 1.1-1 50.90 NOTE
r-release-linux-x86_64 1.1-1 3.73 26.78 30.51 NOTE
r-release-windows-ix86+x86_64 1.1-1 10.00 62.00 72.00 NOTE
r-release-osx-x86_64 1.1-1 NOTE
r-oldrel-windows-ix86+x86_64 1.1-1 8.00 41.00 49.00 NOTE
r-oldrel-osx-x86_64 1.1-1 NOTE

Check Details

Version: 1.1-1
Check: R code for possible problems
Result: NOTE
    mposterior: no visible global function definition for 'optim'
    rl.pred: no visible global function definition for 'matplot'
    rl.pst: no visible binding for global variable 'quantile'
    rl.pst: no visible global function definition for 'matplot'
    Undefined global functions or variables:
     matplot optim quantile
    Consider adding
     importFrom("graphics", "matplot")
     importFrom("stats", "optim", "quantile")
    to your NAMESPACE file.
Flavors: r-devel-linux-x86_64-debian-clang, r-devel-linux-x86_64-debian-gcc, r-devel-linux-x86_64-fedora-clang, r-devel-linux-x86_64-fedora-gcc, r-devel-windows-ix86+x86_64, r-patched-linux-x86_64, r-patched-solaris-x86, r-release-linux-x86_64, r-release-windows-ix86+x86_64, r-release-osx-x86_64, r-oldrel-windows-ix86+x86_64, r-oldrel-osx-x86_64

Version: 1.1-1
Check: compiled code
Result: NOTE
    File ‘evdbayes/libs/evdbayes.so’:
     Found no calls to: ‘R_registerRoutines’, ‘R_useDynamicSymbols’
    
    It is good practice to register native routines and to disable symbol
    search.
    
    See ‘Writing portable packages’ in the ‘Writing R Extensions’ manual.
Flavors: r-devel-linux-x86_64-fedora-clang, r-devel-linux-x86_64-fedora-gcc