CRAN Package Check Results for Package evolqg

Last updated on 2019-07-16 00:48:06 CEST.

Flavor Version Tinstall Tcheck Ttotal Status Flags
r-devel-linux-x86_64-debian-clang 0.2-6 29.16 285.05 314.21 NOTE
r-devel-linux-x86_64-debian-gcc 0.2-6 27.76 213.24 241.00 NOTE
r-devel-linux-x86_64-fedora-clang 0.2-6 368.84 NOTE
r-devel-linux-x86_64-fedora-gcc 0.2-6 366.86 NOTE
r-devel-windows-ix86+x86_64 0.2-6 93.00 647.00 740.00 OK
r-patched-linux-x86_64 0.2-6 29.60 280.41 310.01 OK
r-patched-solaris-x86 0.2-6 519.60 NOTE
r-release-linux-x86_64 0.2-6 30.54 275.56 306.10 OK
r-release-windows-ix86+x86_64 0.2-6 69.00 673.00 742.00 OK
r-release-osx-x86_64 0.2-6 NOTE
r-oldrel-windows-ix86+x86_64 0.2-6 83.00 707.00 790.00 OK
r-oldrel-osx-x86_64 0.2-6 NOTE

Check Details

Version: 0.2-6
Check: for non-standard things in the check directory
Result: NOTE
    Found the following files/directories:
     'matrix.csv'
Flavors: r-devel-linux-x86_64-debian-clang, r-devel-linux-x86_64-debian-gcc, r-devel-linux-x86_64-fedora-clang, r-devel-linux-x86_64-fedora-gcc

Version: 0.2-6
Check: dependencies in R code
Result: NOTE
    Namespace in Imports field not imported from: ‘Rcpp’
     All declared Imports should be used.
Flavors: r-devel-linux-x86_64-fedora-clang, r-devel-linux-x86_64-fedora-gcc, r-patched-solaris-x86, r-release-osx-x86_64, r-oldrel-osx-x86_64