CRAN Package Check Results for Package evolqg

Last updated on 2019-10-23 00:47:50 CEST.

Flavor Version Tinstall Tcheck Ttotal Status Flags
r-devel-linux-x86_64-debian-clang 0.2-6 36.11 284.09 320.20 NOTE
r-devel-linux-x86_64-debian-gcc 0.2-6 26.44 207.47 233.91 NOTE
r-devel-linux-x86_64-fedora-clang 0.2-6 368.48 NOTE
r-devel-linux-x86_64-fedora-gcc 0.2-6 360.40 NOTE
r-devel-windows-ix86+x86_64 0.2-6 70.00 625.00 695.00 OK
r-patched-linux-x86_64 0.2-6 29.37 273.91 303.28 OK
r-patched-solaris-x86 0.2-6 466.50 NOTE
r-release-linux-x86_64 0.2-6 29.61 275.83 305.44 OK
r-release-windows-ix86+x86_64 0.2-6 95.00 484.00 579.00 OK
r-release-osx-x86_64 0.2-6 NOTE
r-oldrel-windows-ix86+x86_64 0.2-6 75.00 702.00 777.00 OK
r-oldrel-osx-x86_64 0.2-6 NOTE

Check Details

Version: 0.2-6
Check: for non-standard things in the check directory
Result: NOTE
    Found the following files/directories:
     'matrix.csv'
Flavors: r-devel-linux-x86_64-debian-clang, r-devel-linux-x86_64-debian-gcc, r-devel-linux-x86_64-fedora-clang, r-devel-linux-x86_64-fedora-gcc

Version: 0.2-6
Check: dependencies in R code
Result: NOTE
    Namespace in Imports field not imported from: ‘Rcpp’
     All declared Imports should be used.
Flavors: r-devel-linux-x86_64-fedora-clang, r-devel-linux-x86_64-fedora-gcc, r-patched-solaris-x86, r-release-osx-x86_64, r-oldrel-osx-x86_64