CRAN Package Check Results for Package exams

Last updated on 2019-12-16 00:48:53 CET.

Flavor Version Tinstall Tcheck Ttotal Status Flags
r-devel-linux-x86_64-debian-clang 2.3-4 14.25 165.84 180.09 NOTE
r-devel-linux-x86_64-debian-gcc 2.3-4 12.56 132.29 144.85 NOTE
r-devel-linux-x86_64-fedora-clang 2.3-4 241.16 NOTE
r-devel-linux-x86_64-fedora-gcc 2.3-4 237.92 OK
r-devel-windows-ix86+x86_64 2.3-4 20.00 486.00 506.00 OK
r-devel-windows-ix86+x86_64-gcc8 2.3-4 20.00 496.00 516.00 OK
r-patched-linux-x86_64 2.3-4 12.31 155.09 167.40 NOTE
r-patched-solaris-x86 2.3-4 283.50 OK
r-release-linux-x86_64 2.3-4 12.41 155.48 167.89 NOTE
r-release-windows-ix86+x86_64 2.3-4 26.00 384.00 410.00 OK
r-release-osx-x86_64 2.3-4 OK
r-oldrel-windows-ix86+x86_64 2.3-4 19.00 387.00 406.00 OK
r-oldrel-osx-x86_64 2.3-4 OK

Check Details

Version: 2.3-4
Check: R code for possible problems
Result: NOTE
    Found the following assignments to the global environment:
    File 'exams/R/xexams.R':
     assign(".xweave_svg_grdevice", .xweave_svg_grdevice, envir = .GlobalEnv)
Flavors: r-devel-linux-x86_64-debian-clang, r-devel-linux-x86_64-debian-gcc, r-devel-linux-x86_64-fedora-clang, r-patched-linux-x86_64, r-release-linux-x86_64