CRAN Package Check Results for Package expose

Last updated on 2019-07-16 00:48:06 CEST.

Flavor Version Tinstall Tcheck Ttotal Status Flags
r-devel-linux-x86_64-debian-clang 0.0.3 2.88 30.67 33.55 NOTE
r-devel-linux-x86_64-debian-gcc 0.0.3 2.31 25.76 28.07 NOTE
r-devel-linux-x86_64-fedora-clang 0.0.3 41.85 NOTE
r-devel-linux-x86_64-fedora-gcc 0.0.3 42.87 NOTE
r-devel-windows-ix86+x86_64 0.0.3 11.00 62.00 73.00 OK
r-patched-linux-x86_64 0.0.3 2.83 30.92 33.75 OK
r-patched-solaris-x86 0.0.3 4.30 ERROR
r-release-linux-x86_64 0.0.3 2.94 31.28 34.22 OK
r-release-windows-ix86+x86_64 0.0.3 8.00 68.00 76.00 OK
r-release-osx-x86_64 0.0.3 NOTE
r-oldrel-windows-ix86+x86_64 0.0.3 7.00 62.00 69.00 OK
r-oldrel-osx-x86_64 0.0.3 NOTE

Check Details

Version: 0.0.3
Check: package vignettes
Result: NOTE
    Package vignette with placeholder title 'Vignette Title':
     'Vignette.Rmd'
Flavors: r-devel-linux-x86_64-debian-clang, r-devel-linux-x86_64-debian-gcc

Version: 0.0.3
Check: dependencies in R code
Result: NOTE
    Namespaces in Imports field not imported from:
     ‘Matrix’ ‘RColorBrewer’ ‘Rcpp’ ‘e1071’ ‘foreach’ ‘gam’ ‘ggplot2’
     ‘glmnet’ ‘nnet’ ‘polspline’ ‘repmis’ ‘splines’ ‘xgboost’
     All declared Imports should be used.
Flavors: r-devel-linux-x86_64-fedora-clang, r-devel-linux-x86_64-fedora-gcc, r-release-osx-x86_64, r-oldrel-osx-x86_64

Version: 0.0.3
Check: package dependencies
Result: ERROR
    Package required but not available: ‘xgboost’
    
    See section ‘The DESCRIPTION file’ in the ‘Writing R Extensions’
    manual.
Flavor: r-patched-solaris-x86