CRAN Package Check Results for Package extrafontdb

Last updated on 2019-09-22 00:47:37 CEST.

Flavor Version Tinstall Tcheck Ttotal Status Flags
r-devel-linux-x86_64-debian-clang 1.0 1.49 14.31 15.80 NOTE
r-devel-linux-x86_64-debian-gcc 1.0 1.21 11.80 13.01 NOTE
r-devel-linux-x86_64-fedora-clang 1.0 20.35 NOTE
r-devel-linux-x86_64-fedora-gcc 1.0 19.48 NOTE
r-devel-windows-ix86+x86_64 1.0 4.00 32.00 36.00 NOTE
r-patched-linux-x86_64 1.0 1.11 14.28 15.39 NOTE
r-patched-solaris-x86 1.0 30.90 NOTE
r-release-linux-x86_64 1.0 1.25 14.17 15.42 NOTE
r-release-windows-ix86+x86_64 1.0 3.00 34.00 37.00 NOTE
r-release-osx-x86_64 1.0 NOTE
r-oldrel-windows-ix86+x86_64 1.0 2.00 23.00 25.00 NOTE
r-oldrel-osx-x86_64 1.0 NOTE

Check Details

Version: 1.0
Check: DESCRIPTION meta-information
Result: NOTE
    Malformed Description field: should contain one or more complete sentences.
Flavors: r-devel-linux-x86_64-debian-clang, r-devel-linux-x86_64-debian-gcc, r-devel-linux-x86_64-fedora-clang, r-devel-linux-x86_64-fedora-gcc, r-devel-windows-ix86+x86_64, r-patched-linux-x86_64, r-patched-solaris-x86, r-release-linux-x86_64, r-release-windows-ix86+x86_64, r-release-osx-x86_64, r-oldrel-windows-ix86+x86_64, r-oldrel-osx-x86_64