CRAN Package Check Results for Package factorMerger

Last updated on 2019-10-22 00:52:22 CEST.

Flavor Version Tinstall Tcheck Ttotal Status Flags
r-devel-linux-x86_64-debian-clang 0.4.0 15.58 171.65 187.23 OK
r-devel-linux-x86_64-debian-gcc 0.4.0 12.43 131.44 143.87 OK
r-devel-linux-x86_64-fedora-clang 0.4.0 223.16 NOTE
r-devel-linux-x86_64-fedora-gcc 0.4.0 218.23 NOTE
r-devel-windows-ix86+x86_64 0.4.0 37.00 271.00 308.00 OK
r-patched-linux-x86_64 0.4.0 13.23 166.79 180.02 OK
r-patched-solaris-x86 0.4.0 336.90 NOTE
r-release-linux-x86_64 0.4.0 13.64 166.66 180.30 OK
r-release-windows-ix86+x86_64 0.4.0 53.00 183.00 236.00 OK
r-release-osx-x86_64 0.4.0 NOTE
r-oldrel-windows-ix86+x86_64 0.4.0 20.00 174.00 194.00 OK
r-oldrel-osx-x86_64 0.4.0 NOTE

Check Details

Version: 0.4.0
Check: dependencies in R code
Result: NOTE
    Namespaces in Imports field not imported from:
     ‘forcats’ ‘formula.tools’
     All declared Imports should be used.
Flavors: r-devel-linux-x86_64-fedora-clang, r-devel-linux-x86_64-fedora-gcc, r-patched-solaris-x86, r-release-osx-x86_64, r-oldrel-osx-x86_64