CRAN Package Check Results for Package factorMerger

Last updated on 2019-07-16 00:48:06 CEST.

Flavor Version Tinstall Tcheck Ttotal Status Flags
r-devel-linux-x86_64-debian-clang 0.4.0 14.12 173.39 187.51 OK
r-devel-linux-x86_64-debian-gcc 0.4.0 12.13 134.29 146.42 OK
r-devel-linux-x86_64-fedora-clang 0.4.0 220.89 NOTE
r-devel-linux-x86_64-fedora-gcc 0.4.0 227.23 NOTE
r-devel-windows-ix86+x86_64 0.4.0 51.00 293.00 344.00 OK
r-patched-linux-x86_64 0.4.0 13.78 169.42 183.20 OK
r-patched-solaris-x86 0.4.0 373.30 NOTE
r-release-linux-x86_64 0.4.0 12.54 170.56 183.10 OK
r-release-windows-ix86+x86_64 0.4.0 35.00 259.00 294.00 OK
r-release-osx-x86_64 0.4.0 NOTE
r-oldrel-windows-ix86+x86_64 0.4.0 35.00 259.00 294.00 OK
r-oldrel-osx-x86_64 0.4.0 NOTE

Check Details

Version: 0.4.0
Check: dependencies in R code
Result: NOTE
    Namespaces in Imports field not imported from:
     ‘forcats’ ‘formula.tools’
     All declared Imports should be used.
Flavors: r-devel-linux-x86_64-fedora-clang, r-devel-linux-x86_64-fedora-gcc, r-patched-solaris-x86, r-release-osx-x86_64, r-oldrel-osx-x86_64