CRAN Package Check Results for Package factorcpt

Last updated on 2019-07-16 00:48:06 CEST.

Flavor Version Tinstall Tcheck Ttotal Status Flags
r-devel-linux-x86_64-debian-clang 0.1.2 21.74 40.89 62.63 OK
r-devel-linux-x86_64-debian-gcc 0.1.2 18.98 31.98 50.96 OK
r-devel-linux-x86_64-fedora-clang 0.1.2 84.57 NOTE
r-devel-linux-x86_64-fedora-gcc 0.1.2 82.81 NOTE
r-devel-windows-ix86+x86_64 0.1.2 63.00 116.00 179.00 OK
r-patched-linux-x86_64 0.1.2 23.65 40.53 64.18 OK
r-patched-solaris-x86 0.1.2 207.30 OK
r-release-linux-x86_64 0.1.2 24.15 40.78 64.93 OK
r-release-windows-ix86+x86_64 0.1.2 47.00 154.00 201.00 OK
r-release-osx-x86_64 0.1.2 OK
r-oldrel-windows-ix86+x86_64 0.1.2 59.00 113.00 172.00 OK
r-oldrel-osx-x86_64 0.1.2 OK

Check Details

Version: 0.1.2
Check: compiled code
Result: NOTE
    File ‘factorcpt/libs/factorcpt.so’:
     Found no calls to: ‘R_registerRoutines’, ‘R_useDynamicSymbols’
    
    It is good practice to register native routines and to disable symbol
    search.
    
    See ‘Writing portable packages’ in the ‘Writing R Extensions’ manual.
Flavors: r-devel-linux-x86_64-fedora-clang, r-devel-linux-x86_64-fedora-gcc