CRAN Package Check Results for Package fastHICA

Last updated on 2019-08-24 00:52:27 CEST.

Flavor Version Tinstall Tcheck Ttotal Status Flags
r-devel-linux-x86_64-debian-clang 1.0.2 2.49 25.48 27.97 NOTE
r-devel-linux-x86_64-debian-gcc 1.0.2 2.10 20.15 22.25 NOTE
r-devel-linux-x86_64-fedora-clang 1.0.2 35.61 NOTE
r-devel-linux-x86_64-fedora-gcc 1.0.2 34.73 NOTE
r-devel-windows-ix86+x86_64 1.0.2 6.00 36.00 42.00 NOTE
r-patched-linux-x86_64 1.0.2 2.32 24.93 27.25 NOTE
r-patched-solaris-x86 1.0.2 56.20 NOTE
r-release-linux-x86_64 1.0.2 2.50 25.01 27.51 NOTE
r-release-windows-ix86+x86_64 1.0.2 10.00 56.00 66.00 NOTE
r-release-osx-x86_64 1.0.2 NOTE
r-oldrel-windows-ix86+x86_64 1.0.2 7.00 56.00 63.00 NOTE
r-oldrel-osx-x86_64 1.0.2 NOTE

Check Details

Version: 1.0.2
Check: R code for possible problems
Result: NOTE
    basis_hica: no visible global function definition for 'princomp'
    energy_hica: no visible global function definition for 'dev.new'
    energy_hica: no visible global function definition for 'points'
    energy_hica: no visible global function definition for 'legend'
    Undefined global functions or variables:
     dev.new legend points princomp
    Consider adding
     importFrom("grDevices", "dev.new")
     importFrom("graphics", "legend", "points")
     importFrom("stats", "princomp")
    to your NAMESPACE file.
Flavors: r-devel-linux-x86_64-debian-clang, r-devel-linux-x86_64-debian-gcc, r-devel-linux-x86_64-fedora-clang, r-devel-linux-x86_64-fedora-gcc, r-devel-windows-ix86+x86_64, r-patched-linux-x86_64, r-patched-solaris-x86, r-release-linux-x86_64, r-release-windows-ix86+x86_64, r-release-osx-x86_64, r-oldrel-windows-ix86+x86_64, r-oldrel-osx-x86_64