CRAN Package Check Results for Package fauxpas

Last updated on 2019-09-22 00:47:37 CEST.

Flavor Version Tinstall Tcheck Ttotal Status Flags
r-devel-linux-x86_64-debian-clang 0.2.0 43.02 31.01 74.03 OK
r-devel-linux-x86_64-debian-gcc 0.2.0 38.27 25.57 63.84 OK
r-devel-linux-x86_64-fedora-clang 0.2.0 102.56 NOTE
r-devel-linux-x86_64-fedora-gcc 0.2.0 102.28 NOTE
r-devel-windows-ix86+x86_64 0.2.0 76.00 46.00 122.00 OK
r-patched-linux-x86_64 0.2.0 41.35 31.06 72.41 OK
r-patched-solaris-x86 0.2.0 126.50 NOTE
r-release-linux-x86_64 0.2.0 43.65 30.88 74.53 OK
r-release-windows-ix86+x86_64 0.2.0 57.00 46.00 103.00 OK
r-release-osx-x86_64 0.2.0 NOTE
r-oldrel-windows-ix86+x86_64 0.2.0 49.00 44.00 93.00 OK
r-oldrel-osx-x86_64 0.2.0 NOTE

Check Details

Version: 0.2.0
Check: dependencies in R code
Result: NOTE
    Namespace in Imports field not imported from: ‘whisker’
     All declared Imports should be used.
Flavors: r-devel-linux-x86_64-fedora-clang, r-devel-linux-x86_64-fedora-gcc, r-patched-solaris-x86, r-release-osx-x86_64, r-oldrel-osx-x86_64