CRAN Package Check Results for Package fauxpas

Last updated on 2020-02-24 00:48:39 CET.

Flavor Version Tinstall Tcheck Ttotal Status Flags
r-devel-linux-x86_64-debian-clang 0.2.0 51.18 35.22 86.40 OK
r-devel-linux-x86_64-debian-gcc 0.2.0 OK
r-devel-linux-x86_64-fedora-clang 0.2.0 123.28 NOTE
r-devel-linux-x86_64-fedora-gcc 0.2.0 115.76 NOTE
r-devel-windows-ix86+x86_64 0.2.0 62.00 50.00 112.00 OK
r-devel-windows-ix86+x86_64-gcc8 0.2.0 88.00 69.00 157.00 OK
r-patched-linux-x86_64 0.2.0 OK
r-patched-solaris-x86 0.2.0 127.50 NOTE
r-release-linux-x86_64 0.2.0 44.87 32.80 77.67 OK
r-release-windows-ix86+x86_64 0.2.0 53.00 48.00 101.00 OK
r-release-osx-x86_64 0.2.0 NOTE
r-oldrel-windows-ix86+x86_64 0.2.0 70.00 48.00 118.00 OK
r-oldrel-osx-x86_64 0.2.0 NOTE

Check Details

Version: 0.2.0
Check: dependencies in R code
Result: NOTE
    Namespace in Imports field not imported from: ‘whisker’
     All declared Imports should be used.
Flavors: r-devel-linux-x86_64-fedora-clang, r-devel-linux-x86_64-fedora-gcc, r-patched-solaris-x86, r-release-osx-x86_64, r-oldrel-osx-x86_64