CRAN Package Check Results for Package fechner

Last updated on 2019-06-20 00:50:45 CEST.

Flavor Version Tinstall Tcheck Ttotal Status Flags
r-devel-linux-x86_64-debian-clang 1.0-3 3.05 28.37 31.42 OK
r-devel-linux-x86_64-debian-gcc 1.0-3 2.31 22.63 24.94 OK
r-devel-linux-x86_64-fedora-clang 1.0-3 37.42 NOTE
r-devel-linux-x86_64-fedora-gcc 1.0-3 36.24 NOTE
r-devel-windows-ix86+x86_64 1.0-3 8.00 46.00 54.00 OK
r-patched-linux-x86_64 1.0-3 2.45 28.53 30.98 OK
r-patched-solaris-x86 1.0-3 49.60 OK
r-release-linux-x86_64 1.0-3 2.66 28.33 30.99 OK
r-release-windows-ix86+x86_64 1.0-3 7.00 56.00 63.00 OK
r-release-osx-x86_64 1.0-3 OK
r-oldrel-windows-ix86+x86_64 1.0-3 6.00 37.00 43.00 OK
r-oldrel-osx-x86_64 1.0-3 OK

Check Details

Version: 1.0-3
Check: compiled code
Result: NOTE
    File ‘fechner/libs/fechner.so’:
     Found no calls to: ‘R_registerRoutines’, ‘R_useDynamicSymbols’
    
    It is good practice to register native routines and to disable symbol
    search.
    
    See ‘Writing portable packages’ in the ‘Writing R Extensions’ manual.
Flavors: r-devel-linux-x86_64-fedora-clang, r-devel-linux-x86_64-fedora-gcc