CRAN Package Check Results for Package fgac

Last updated on 2019-09-21 00:52:40 CEST.

Flavor Version Tinstall Tcheck Ttotal Status Flags
r-devel-linux-x86_64-debian-clang 0.6-1 2.89 23.33 26.22 NOTE
r-devel-linux-x86_64-debian-gcc 0.6-1 2.81 19.14 21.95 NOTE
r-devel-linux-x86_64-fedora-clang 0.6-1 33.36 NOTE
r-devel-linux-x86_64-fedora-gcc 0.6-1 33.29 NOTE
r-devel-windows-ix86+x86_64 0.6-1 11.00 48.00 59.00 NOTE
r-patched-linux-x86_64 0.6-1 2.87 23.43 26.30 NOTE
r-patched-solaris-x86 0.6-1 46.90 NOTE
r-release-linux-x86_64 0.6-1 2.76 23.54 26.30 NOTE
r-release-windows-ix86+x86_64 0.6-1 5.00 50.00 55.00 NOTE
r-release-osx-x86_64 0.6-1 NOTE
r-oldrel-windows-ix86+x86_64 0.6-1 4.00 31.00 35.00 NOTE
r-oldrel-osx-x86_64 0.6-1 NOTE

Check Details

Version: 0.6-1
Check: R code for possible problems
Result: NOTE
    ftest: no visible global function definition for 'wilcox.test'
    ftest: no visible global function definition for 't.test'
    Undefined global functions or variables:
     t.test wilcox.test
    Consider adding
     importFrom("stats", "t.test", "wilcox.test")
    to your NAMESPACE file.
Flavors: r-devel-linux-x86_64-debian-clang, r-devel-linux-x86_64-debian-gcc, r-devel-linux-x86_64-fedora-clang, r-devel-linux-x86_64-fedora-gcc, r-devel-windows-ix86+x86_64, r-patched-linux-x86_64, r-patched-solaris-x86, r-release-linux-x86_64, r-release-windows-ix86+x86_64, r-release-osx-x86_64, r-oldrel-windows-ix86+x86_64, r-oldrel-osx-x86_64