CRAN Package Check Results for Package fgac

Last updated on 2019-06-25 00:52:15 CEST.

Flavor Version Tinstall Tcheck Ttotal Status Flags
r-devel-linux-x86_64-debian-clang 0.6-1 3.59 24.03 27.62 NOTE
r-devel-linux-x86_64-debian-gcc 0.6-1 2.47 19.42 21.89 NOTE
r-devel-linux-x86_64-fedora-clang 0.6-1 32.85 NOTE
r-devel-linux-x86_64-fedora-gcc 0.6-1 31.47 NOTE
r-devel-windows-ix86+x86_64 0.6-1 8.00 36.00 44.00 NOTE
r-patched-linux-x86_64 0.6-1 3.02 23.94 26.96 NOTE
r-patched-solaris-x86 0.6-1 48.90 NOTE
r-release-linux-x86_64 0.6-1 3.13 24.41 27.54 NOTE
r-release-windows-ix86+x86_64 0.6-1 5.00 50.00 55.00 NOTE
r-release-osx-x86_64 0.6-1 NOTE
r-oldrel-windows-ix86+x86_64 0.6-1 4.00 31.00 35.00 NOTE
r-oldrel-osx-x86_64 0.6-1 NOTE

Check Details

Version: 0.6-1
Check: R code for possible problems
Result: NOTE
    ftest: no visible global function definition for 'wilcox.test'
    ftest: no visible global function definition for 't.test'
    Undefined global functions or variables:
     t.test wilcox.test
    Consider adding
     importFrom("stats", "t.test", "wilcox.test")
    to your NAMESPACE file.
Flavors: r-devel-linux-x86_64-debian-clang, r-devel-linux-x86_64-debian-gcc, r-devel-linux-x86_64-fedora-clang, r-devel-linux-x86_64-fedora-gcc, r-devel-windows-ix86+x86_64, r-patched-linux-x86_64, r-patched-solaris-x86, r-release-linux-x86_64, r-release-windows-ix86+x86_64, r-release-osx-x86_64, r-oldrel-windows-ix86+x86_64, r-oldrel-osx-x86_64