CRAN Package Check Results for Package finch

Last updated on 2019-09-21 00:52:40 CEST.

Flavor Version Tinstall Tcheck Ttotal Status Flags
r-devel-linux-x86_64-debian-clang 0.3.0 6.64 62.09 68.73 OK
r-devel-linux-x86_64-debian-gcc 0.3.0 5.53 47.16 52.69 OK
r-devel-linux-x86_64-fedora-clang 0.3.0 61.63 NOTE
r-devel-linux-x86_64-fedora-gcc 0.3.0 60.40 NOTE
r-devel-windows-ix86+x86_64 0.3.0 30.00 104.00 134.00 OK
r-patched-linux-x86_64 0.3.0 6.03 59.73 65.76 OK
r-patched-solaris-x86 0.3.0 87.10 NOTE
r-release-linux-x86_64 0.3.0 6.70 59.77 66.47 OK
r-release-windows-ix86+x86_64 0.3.0 15.00 88.00 103.00 OK
r-release-osx-x86_64 0.3.0 ERROR
r-oldrel-windows-ix86+x86_64 0.3.0 9.00 77.00 86.00 OK
r-oldrel-osx-x86_64 0.3.0 ERROR

Check Details

Version: 0.3.0
Check: dependencies in R code
Result: NOTE
    Namespace in Imports field not imported from: ‘rappdirs’
     All declared Imports should be used.
Flavors: r-devel-linux-x86_64-fedora-clang, r-devel-linux-x86_64-fedora-gcc, r-patched-solaris-x86

Version: 0.3.0
Check: package dependencies
Result: ERROR
    Package required and available but unsuitable version: ‘EML’
    
    See section ‘The DESCRIPTION file’ in the ‘Writing R Extensions’
    manual.
Flavors: r-release-osx-x86_64, r-oldrel-osx-x86_64