CRAN Package Check Results for Package finch

Last updated on 2020-02-20 00:54:12 CET.

Flavor Version Tinstall Tcheck Ttotal Status Flags
r-devel-linux-x86_64-debian-clang 0.3.0 7.51 68.27 75.78 OK
r-devel-linux-x86_64-debian-gcc 0.3.0 6.84 49.92 56.76 OK
r-devel-linux-x86_64-fedora-clang 0.3.0 68.76 NOTE
r-devel-linux-x86_64-fedora-gcc 0.3.0 67.17 NOTE
r-devel-windows-ix86+x86_64 0.3.0 18.00 75.00 93.00 OK
r-devel-windows-ix86+x86_64-gcc8 0.3.0 29.00 121.00 150.00 OK
r-patched-linux-x86_64 0.3.0 7.14 60.15 67.29 OK
r-patched-solaris-x86 0.3.0 91.10 NOTE
r-release-linux-x86_64 0.3.0 7.12 60.56 67.68 OK
r-release-windows-ix86+x86_64 0.3.0 16.00 69.00 85.00 OK
r-release-osx-x86_64 0.3.0 ERROR
r-oldrel-windows-ix86+x86_64 0.3.0 10.00 73.00 83.00 OK
r-oldrel-osx-x86_64 0.3.0 NOTE

Check Details

Version: 0.3.0
Check: dependencies in R code
Result: NOTE
    Namespace in Imports field not imported from: ‘rappdirs’
     All declared Imports should be used.
Flavors: r-devel-linux-x86_64-fedora-clang, r-devel-linux-x86_64-fedora-gcc, r-patched-solaris-x86, r-oldrel-osx-x86_64

Version: 0.3.0
Check: package dependencies
Result: ERROR
    Package required and available but unsuitable version: ‘EML’
    
    See section ‘The DESCRIPTION file’ in the ‘Writing R Extensions’
    manual.
Flavor: r-release-osx-x86_64