CRAN Package Check Results for Package fitur

Last updated on 2019-10-15 00:49:54 CEST.

Flavor Version Tinstall Tcheck Ttotal Status Flags
r-devel-linux-x86_64-debian-clang 0.6.1 7.82 89.81 97.63 OK
r-devel-linux-x86_64-debian-gcc 0.6.1 6.95 71.07 78.02 OK
r-devel-linux-x86_64-fedora-clang 0.6.1 122.93 NOTE
r-devel-linux-x86_64-fedora-gcc 0.6.1 117.61 NOTE
r-devel-windows-ix86+x86_64 0.6.1 24.00 96.00 120.00 OK
r-patched-linux-x86_64 0.6.1 8.26 86.90 95.16 OK
r-patched-solaris-x86 0.6.1 178.90 NOTE
r-release-linux-x86_64 0.6.1 7.97 86.68 94.65 OK
r-release-windows-ix86+x86_64 0.6.1 33.00 101.00 134.00 OK
r-release-osx-x86_64 0.6.1 NOTE
r-oldrel-windows-ix86+x86_64 0.6.1 11.00 91.00 102.00 OK
r-oldrel-osx-x86_64 0.6.1 NOTE

Check Details

Version: 0.6.1
Check: dependencies in R code
Result: NOTE
    Namespace in Imports field not imported from: ‘rstudioapi’
     All declared Imports should be used.
Flavors: r-devel-linux-x86_64-fedora-clang, r-devel-linux-x86_64-fedora-gcc, r-patched-solaris-x86, r-release-osx-x86_64, r-oldrel-osx-x86_64