CRAN Package Check Results for Package fitur

Last updated on 2019-07-16 00:48:07 CEST.

Flavor Version Tinstall Tcheck Ttotal Status Flags
r-devel-linux-x86_64-debian-clang 0.6.1 8.00 89.96 97.96 OK
r-devel-linux-x86_64-debian-gcc 0.6.1 7.21 71.51 78.72 OK
r-devel-linux-x86_64-fedora-clang 0.6.1 116.51 NOTE
r-devel-linux-x86_64-fedora-gcc 0.6.1 130.60 NOTE
r-devel-windows-ix86+x86_64 0.6.1 29.00 135.00 164.00 OK
r-patched-linux-x86_64 0.6.1 7.63 88.45 96.08 OK
r-patched-solaris-x86 0.6.1 183.50 NOTE
r-release-linux-x86_64 0.6.1 8.08 88.94 97.02 OK
r-release-windows-ix86+x86_64 0.6.1 19.00 145.00 164.00 OK
r-release-osx-x86_64 0.6.1 NOTE
r-oldrel-windows-ix86+x86_64 0.6.1 15.00 99.00 114.00 OK
r-oldrel-osx-x86_64 0.6.1 NOTE

Check Details

Version: 0.6.1
Check: dependencies in R code
Result: NOTE
    Namespace in Imports field not imported from: ‘rstudioapi’
     All declared Imports should be used.
Flavors: r-devel-linux-x86_64-fedora-clang, r-devel-linux-x86_64-fedora-gcc, r-patched-solaris-x86, r-release-osx-x86_64, r-oldrel-osx-x86_64