CRAN Package Check Results for Package fivethirtyeight

Last updated on 2019-12-16 00:48:54 CET.

Flavor Version Tinstall Tcheck Ttotal Status Flags
r-devel-linux-x86_64-debian-clang 0.5.0 7.29 58.86 66.15 OK
r-devel-linux-x86_64-debian-gcc 0.5.0 7.01 47.50 54.51 OK
r-devel-linux-x86_64-fedora-clang 0.5.0 85.46 NOTE
r-devel-linux-x86_64-fedora-gcc 0.5.0 82.34 NOTE
r-devel-windows-ix86+x86_64 0.5.0 16.00 109.00 125.00 OK
r-devel-windows-ix86+x86_64-gcc8 0.5.0 14.00 118.00 132.00 OK
r-patched-linux-x86_64 0.5.0 7.24 54.61 61.85 OK
r-patched-solaris-x86 0.5.0 105.40 NOTE
r-release-linux-x86_64 0.5.0 6.73 55.50 62.23 OK
r-release-windows-ix86+x86_64 0.5.0 19.00 77.00 96.00 OK
r-release-osx-x86_64 0.5.0 NOTE
r-oldrel-windows-ix86+x86_64 0.5.0 12.00 72.00 84.00 OK
r-oldrel-osx-x86_64 0.5.0 NOTE

Check Details

Version: 0.5.0
Check: data for non-ASCII characters
Result: NOTE
     Note: found 489 marked UTF-8 strings
Flavors: r-devel-linux-x86_64-fedora-clang, r-devel-linux-x86_64-fedora-gcc, r-patched-solaris-x86, r-release-osx-x86_64, r-oldrel-osx-x86_64

Version: 0.5.0
Check: installed package size
Result: NOTE
     installed size is 5.3Mb
     sub-directories of 1Mb or more:
     data 4.0Mb
Flavor: r-patched-solaris-x86