CRAN Package Check Results for Package fmrs

Last updated on 2019-11-12 00:52:43 CET.

Flavor Version Tinstall Tcheck Ttotal Status Flags
r-devel-linux-x86_64-debian-clang 1.0-9 8.50 31.53 40.03 OK
r-devel-linux-x86_64-debian-gcc 1.0-9 6.58 25.68 32.26 OK
r-devel-linux-x86_64-fedora-clang 1.0-9 50.86 NOTE
r-devel-linux-x86_64-fedora-gcc 1.0-9 51.55 NOTE
r-devel-windows-ix86+x86_64 1.0-9 17.00 62.00 79.00 OK
r-patched-linux-x86_64 1.0-9 6.12 31.21 37.33 OK
r-patched-solaris-x86 1.0-9 82.10 NOTE
r-release-linux-x86_64 1.0-9 6.74 31.69 38.43 OK
r-release-windows-ix86+x86_64 1.0-9 23.00 82.00 105.00 OK
r-release-osx-x86_64 1.0-9 NOTE
r-oldrel-windows-ix86+x86_64 1.0-9 20.00 60.00 80.00 OK
r-oldrel-osx-x86_64 1.0-9 NOTE

Additional issues

clang-UBSAN gcc-UBSAN valgrind

Check Details

Version: 1.0-9
Check: dependencies in R code
Result: NOTE
    Namespace in Imports field not imported from: ‘survival’
     All declared Imports should be used.
Flavors: r-devel-linux-x86_64-fedora-clang, r-devel-linux-x86_64-fedora-gcc, r-patched-solaris-x86, r-release-osx-x86_64, r-oldrel-osx-x86_64

Version: 1.0-9
Check: compiled code
Result: NOTE
    File ‘fmrs/libs/fmrs.so’:
     Found no calls to: ‘R_registerRoutines’, ‘R_useDynamicSymbols’
    
    It is good practice to register native routines and to disable symbol
    search.
    
    See ‘Writing portable packages’ in the ‘Writing R Extensions’ manual.
Flavors: r-devel-linux-x86_64-fedora-clang, r-devel-linux-x86_64-fedora-gcc