CRAN Package Check Results for Package fpp2

Last updated on 2019-06-26 00:47:25 CEST.

Flavor Version Tinstall Tcheck Ttotal Status Flags
r-devel-linux-x86_64-debian-clang 2.3 5.84 59.08 64.92 OK
r-devel-linux-x86_64-debian-gcc 2.3 4.81 47.01 51.82 OK
r-devel-linux-x86_64-fedora-clang 2.3 76.17 OK
r-devel-linux-x86_64-fedora-gcc 2.3 71.61 OK
r-devel-windows-ix86+x86_64 2.3 25.00 80.00 105.00 OK
r-patched-linux-x86_64 2.3 5.66 57.54 63.20 OK
r-patched-solaris-x86 2.3 116.10 OK
r-release-linux-x86_64 2.3 6.03 58.00 64.03 OK
r-release-windows-ix86+x86_64 2.3 15.00 124.00 139.00 OK
r-release-osx-x86_64 2.3 NOTE
r-oldrel-windows-ix86+x86_64 2.3 9.00 156.00 165.00 OK
r-oldrel-osx-x86_64 2.3 OK

Check Details

Version: 2.3
Check: package dependencies
Result: NOTE
    Package suggested but not available for checking: ‘seasonal’
Flavor: r-release-osx-x86_64