CRAN Package Check Results for Package frailtyHL

Last updated on 2018-07-17 00:52:44 CEST.

Flavor Version Tinstall Tcheck Ttotal Status Flags
r-release-osx-x86_64 2.1 WARN
r-oldrel-osx-x86_64 2.1 OK

Check Details

Version: 2.1
Check: whether package can be installed
Result: WARN
    Found the following significant warnings:
     Note: break used in wrong context: no loop is visible
    See ‘/Volumes/SSD-Data/Builds/R-dev-web/QA/Simon/packages/el-capitan-x86_64/results/3.5/frailtyHL.Rcheck/00install.out’ for details.
    Information on the location(s) of code generating the ‘Note’s can be
    obtained by re-running with environment variable R_KEEP_PKG_SOURCE set
    to ‘yes’.
Flavor: r-release-osx-x86_64

Version: 2.1
Check: examples
Result: WARN
    Found the following significant warnings:
    
     Warning: 'rBind' is deprecated.
    Deprecated functions may be defunct as soon as of the next release of
    R.
    See ?Deprecated.
Flavor: r-release-osx-x86_64