CRAN Package Check Results for Package frailtypack

Last updated on 2019-06-26 00:47:25 CEST.

Flavor Version Tinstall Tcheck Ttotal Status Flags
r-devel-linux-x86_64-debian-clang 3.0.3.2 178.09 183.74 361.83 OK
r-devel-linux-x86_64-debian-gcc 3.0.3.2 158.52 140.45 298.97 OK
r-devel-linux-x86_64-fedora-clang 3.0.3.2 457.93 NOTE
r-devel-linux-x86_64-fedora-gcc 3.0.3.2 456.55 OK
r-devel-windows-ix86+x86_64 3.0.3.2 786.00 272.00 1058.00 NOTE
r-patched-linux-x86_64 3.0.3.2 171.46 182.17 353.63 OK
r-patched-solaris-x86 3.0.3.2 857.70 NOTE
r-release-linux-x86_64 3.0.3.2 167.68 183.39 351.07 OK
r-release-windows-ix86+x86_64 3.0.3.2 420.00 323.00 743.00 NOTE
r-release-osx-x86_64 3.0.3.2 NOTE
r-oldrel-windows-ix86+x86_64 3.0.3.2 377.00 228.00 605.00 NOTE
r-oldrel-osx-x86_64 3.0.3.2 NOTE

Additional issues

LTO

Check Details

Version: 3.0.3.2
Check: installed package size
Result: NOTE
     installed size is 9.1Mb
     sub-directories of 1Mb or more:
     help 1.6Mb
     libs 5.4Mb
Flavors: r-devel-linux-x86_64-fedora-clang, r-devel-windows-ix86+x86_64, r-patched-solaris-x86, r-release-windows-ix86+x86_64, r-release-osx-x86_64, r-oldrel-windows-ix86+x86_64, r-oldrel-osx-x86_64