CRAN Package Check Results for Package frailtypack

Last updated on 2019-09-21 00:52:40 CEST.

Flavor Version Tinstall Tcheck Ttotal Status Flags
r-devel-linux-x86_64-debian-clang 3.0.3.2 176.83 180.11 356.94 OK
r-devel-linux-x86_64-debian-gcc 3.0.3.2 158.02 137.68 295.70 OK
r-devel-linux-x86_64-fedora-clang 3.0.3.2 480.12 NOTE
r-devel-linux-x86_64-fedora-gcc 3.0.3.2 479.46 OK
r-devel-windows-ix86+x86_64 3.0.3.2 512.00 225.00 737.00 NOTE
r-patched-linux-x86_64 3.0.3.2 160.38 178.93 339.31 OK
r-patched-solaris-x86 3.0.3.2 833.40 NOTE
r-release-linux-x86_64 3.0.3.2 170.76 177.90 348.66 OK
r-release-windows-ix86+x86_64 3.0.3.2 426.00 240.00 666.00 NOTE
r-release-osx-x86_64 3.0.3.2 NOTE
r-oldrel-windows-ix86+x86_64 3.0.3.2 383.00 208.00 591.00 NOTE
r-oldrel-osx-x86_64 3.0.3.2 NOTE

Additional issues

LTO

Check Details

Version: 3.0.3.2
Check: installed package size
Result: NOTE
     installed size is 9.3Mb
     sub-directories of 1Mb or more:
     help 1.6Mb
     libs 5.6Mb
Flavors: r-devel-linux-x86_64-fedora-clang, r-devel-windows-ix86+x86_64, r-patched-solaris-x86, r-release-windows-ix86+x86_64, r-release-osx-x86_64, r-oldrel-windows-ix86+x86_64, r-oldrel-osx-x86_64