CRAN Package Check Results for Package fssemR

Last updated on 2019-07-16 00:48:08 CEST.

Flavor Version Tinstall Tcheck Ttotal Status Flags
r-devel-linux-x86_64-debian-clang 0.1.5 40.38 133.55 173.93 OK
r-devel-linux-x86_64-debian-gcc 0.1.5 36.64 103.74 140.38 OK
r-devel-linux-x86_64-fedora-clang 0.1.5 217.32 NOTE
r-devel-linux-x86_64-fedora-gcc 0.1.5 219.44 OK
r-devel-windows-ix86+x86_64 0.1.5 94.00 269.00 363.00 OK
r-patched-linux-x86_64 0.1.5 40.74 133.83 174.57 OK
r-patched-solaris-x86 0.1.5 264.80 OK
r-release-linux-x86_64 0.1.5 40.81 134.62 175.43 OK
r-release-windows-ix86+x86_64 0.1.5 71.00 272.00 343.00 OK
r-release-osx-x86_64 0.1.5 NOTE
r-oldrel-windows-ix86+x86_64 0.1.5 90.00 184.00 274.00 OK
r-oldrel-osx-x86_64 0.1.5 NOTE

Check Details

Version: 0.1.5
Check: installed package size
Result: NOTE
     installed size is 13.4Mb
     sub-directories of 1Mb or more:
     libs 12.7Mb
Flavors: r-devel-linux-x86_64-fedora-clang, r-release-osx-x86_64, r-oldrel-osx-x86_64