CRAN Package Check Results for Package ftnonpar

Last updated on 2019-09-16 00:47:40 CEST.

Flavor Version Tinstall Tcheck Ttotal Status Flags
r-devel-linux-x86_64-debian-clang 0.1-88 7.90 33.45 41.35 NOTE
r-devel-linux-x86_64-debian-gcc 0.1-88 6.22 24.08 30.30 NOTE
r-devel-linux-x86_64-fedora-clang 0.1-88 51.57 NOTE
r-devel-linux-x86_64-fedora-gcc 0.1-88 50.48 NOTE
r-devel-windows-ix86+x86_64 0.1-88 33.00 77.00 110.00 NOTE
r-patched-linux-x86_64 0.1-88 6.96 34.20 41.16 NOTE
r-patched-solaris-x86 0.1-88 94.20 NOTE
r-release-linux-x86_64 0.1-88 6.76 34.07 40.83 NOTE
r-release-windows-ix86+x86_64 0.1-88 22.00 80.00 102.00 NOTE
r-release-osx-x86_64 0.1-88 NOTE
r-oldrel-windows-ix86+x86_64 0.1-88 20.00 56.00 76.00 NOTE
r-oldrel-osx-x86_64 0.1-88 NOTE

Check Details

Version: 0.1-88
Check: top-level files
Result: NOTE
    Non-standard files/directories found at top level:
     'COPYRIGHT' 'pmden.R'
    Copyright information should be in file inst/COPYRIGHTS
Flavors: r-devel-linux-x86_64-debian-clang, r-devel-linux-x86_64-debian-gcc, r-devel-linux-x86_64-fedora-clang, r-devel-linux-x86_64-fedora-gcc, r-patched-linux-x86_64, r-release-linux-x86_64

Version: 0.1-88
Check: R code for possible problems
Result: NOTE
    NB: .First.lib is obsolete and will not be used in R >= 3.0.0
    
    dclaw: no visible global function definition for 'dnorm'
    genmrcheck: no visible global function definition for 'pnorm'
    genpmreg: no visible global function definition for 'mad'
    genpmreg: no visible global function definition for 'par'
    genpmreg: no visible global function definition for 'plot'
    genpmreg: no visible global function definition for 'lines'
    genstring: no visible global function definition for 'mad'
    genstring: no visible global function definition for 'rnorm'
    isoanti: no visible global function definition for 'isoreg'
    mintvmon: no visible global function definition for 'mad'
    pmden: no visible global function definition for 'mad'
    pmden: no visible global function definition for 'approx'
    pmden: no visible global function definition for 'par'
    pmden: no visible global function definition for 'plot'
    pmden: no visible global function definition for 'lines'
    pmden: no visible global function definition for 'hist'
    pmlogreg: no visible global function definition for 'par'
    pmlogreg: no visible global function definition for 'plot'
    pmlogreg: no visible global function definition for 'lines'
    pmreg: no visible global function definition for 'mad'
    pmreg: no visible global function definition for 'par'
    pmreg: no visible global function definition for 'plot'
    pmreg: no visible global function definition for 'lines'
    pmspec: no visible global function definition for 'fft'
    pmspec: no visible global function definition for 'plot'
    pmspec: no visible global function definition for 'lines'
    pmspec: no visible global function definition for 'points'
    rclaw: no visible global function definition for 'rnorm'
    rtennormal: no visible global function definition for 'rnorm'
    settomedian: no visible global function definition for 'median'
    smdenreg: no visible global function definition for 'approx'
    smdenreg: no visible global function definition for 'par'
    smdenreg: no visible global function definition for 'hist'
    smdenreg: no visible global function definition for 'lines'
    smdenreg: no visible global function definition for 'plot'
    smqreg: no visible global function definition for 'mad'
    smqreg: no visible global function definition for 'par'
    smqreg: no visible global function definition for 'plot'
    smqreg: no visible global function definition for 'lines'
    Undefined global functions or variables:
     approx dnorm fft hist isoreg lines mad median par plot pnorm points
     rnorm
    Consider adding
     importFrom("graphics", "hist", "lines", "par", "plot", "points")
     importFrom("stats", "approx", "dnorm", "fft", "isoreg", "mad",
     "median", "pnorm", "rnorm")
    to your NAMESPACE file.
Flavors: r-devel-linux-x86_64-debian-clang, r-devel-linux-x86_64-debian-gcc, r-devel-linux-x86_64-fedora-clang, r-devel-linux-x86_64-fedora-gcc, r-devel-windows-ix86+x86_64, r-patched-linux-x86_64, r-patched-solaris-x86, r-release-linux-x86_64, r-release-windows-ix86+x86_64, r-release-osx-x86_64, r-oldrel-windows-ix86+x86_64, r-oldrel-osx-x86_64

Version: 0.1-88
Check: Rd line widths
Result: NOTE
    Rd file 'ftnonpar-internal.Rd':
     \usage lines wider than 90 characters:
     genmrcheck(y,yhat,thresh=-1,sigma=1,DYADIC=FALSE,beta=0.5,method=1,thr.const=2,schwelle = 1e+09)
    
    Rd file 'genpmreg.Rd':
     \usage lines wider than 90 characters:
     genpmreg(y, beta = 0.5, squeezing.factor = 0.5, verbose = FALSE, localsqueezing = TRUE, DYADIC = TRUE, thr.const = 2, extrema.nr = -1, ... [TRUNCATED]
    
    Rd file 'l1pmreg.Rd':
     \usage lines wider than 90 characters:
     quantpmreg(y, beta = 0.5, squeezing.factor = 0.5, verbose = FALSE, localsqueezing = TRUE, DYADIC = TRUE, thr.const = 2, extrema.nr = -1 ... [TRUNCATED]
     l1pmreg(y, beta=0.5, squeezing.factor = 0.5, verbose = FALSE, localsqueezing = TRUE, DYADIC = TRUE, thr.const = 2, extrema.nr = -1, ban ... [TRUNCATED]
    
    Rd file 'mintvmon.Rd':
     \usage lines wider than 90 characters:
     mintvmon(y, sigma = -1, DYADIC = TRUE, thresh = -1, method = 2, MONCONST = TRUE, CONVCONST = FALSE)
    
    Rd file 'pmden.Rd':
     \usage lines wider than 90 characters:
     pmden(x, DISCR=FALSE,verbose = FALSE, bandwidth=-1, extrema.nr = -1, accuracy = mad(x)/1000, extrema.mean = TRUE,maxkuipnr=19,asympbou ... [TRUNCATED]
    
    These lines will be truncated in the PDF manual.
Flavors: r-devel-linux-x86_64-debian-clang, r-devel-linux-x86_64-debian-gcc, r-devel-linux-x86_64-fedora-clang, r-devel-linux-x86_64-fedora-gcc, r-patched-linux-x86_64, r-release-linux-x86_64

Version: 0.1-88
Check: compiled code
Result: NOTE
    File ‘ftnonpar/libs/ftnonpar.so’:
     Found no calls to: ‘R_registerRoutines’, ‘R_useDynamicSymbols’
    
    It is good practice to register native routines and to disable symbol
    search.
    
    See ‘Writing portable packages’ in the ‘Writing R Extensions’ manual.
Flavors: r-devel-linux-x86_64-fedora-clang, r-devel-linux-x86_64-fedora-gcc