CRAN Package Check Results for Package future.batchtools

Last updated on 2019-09-16 00:47:41 CEST.

Flavor Version Tinstall Tcheck Ttotal Status Flags
r-devel-linux-x86_64-debian-clang 0.8.0 3.77 430.19 433.96 NOTE
r-devel-linux-x86_64-debian-gcc 0.8.0 3.18 287.63 290.81 NOTE
r-devel-linux-x86_64-fedora-clang 0.8.0 379.69 NOTE
r-devel-linux-x86_64-fedora-gcc 0.8.0 337.92 NOTE
r-devel-windows-ix86+x86_64 0.8.0 20.00 290.00 310.00 OK
r-patched-linux-x86_64 0.8.0 3.88 325.26 329.14 OK
r-patched-solaris-x86 0.8.0 438.00 OK
r-release-linux-x86_64 0.8.0 3.38 327.21 330.59 OK
r-release-windows-ix86+x86_64 0.8.0 8.00 566.00 574.00 OK
r-release-osx-x86_64 0.8.0 OK
r-oldrel-windows-ix86+x86_64 0.8.0 11.00 300.00 311.00 OK
r-oldrel-osx-x86_64 0.8.0 OK

Check Details

Version: 0.8.0
Check: for non-standard things in the check directory
Result: NOTE
    Found the following files/directories:
     '.future'
Flavors: r-devel-linux-x86_64-debian-clang, r-devel-linux-x86_64-debian-gcc, r-devel-linux-x86_64-fedora-clang, r-devel-linux-x86_64-fedora-gcc