CRAN Package Check Results for Package gMCP

Last updated on 2019-07-16 00:48:09 CEST.

Flavor Version Tinstall Tcheck Ttotal Status Flags
r-devel-linux-x86_64-debian-clang 0.8-14 15.98 187.31 203.29 OK
r-devel-linux-x86_64-debian-gcc 0.8-14 13.54 148.71 162.25 OK
r-devel-linux-x86_64-fedora-clang 0.8-14 253.86 OK
r-devel-linux-x86_64-fedora-gcc 0.8-14 255.69 OK
r-devel-windows-ix86+x86_64 0.8-14 53.00 336.00 389.00 OK
r-patched-linux-x86_64 0.8-14 14.75 186.33 201.08 OK
r-patched-solaris-x86 0.8-14 336.40 OK
r-release-linux-x86_64 0.8-14 14.98 185.01 199.99 OK
r-release-windows-ix86+x86_64 0.8-14 35.00 352.00 387.00 OK
r-release-osx-x86_64 0.8-14 NOTE
r-oldrel-windows-ix86+x86_64 0.8-14 40.00 327.00 367.00 OK
r-oldrel-osx-x86_64 0.8-14 OK

Additional issues

LTO

Check Details

Version: 0.8-14
Check: package dependencies
Result: NOTE
    Packages suggested but not available for checking: 'graph', 'mutoss'
Flavor: r-release-osx-x86_64