CRAN Package Check Results for Package gMCP

Last updated on 2019-10-23 00:47:52 CEST.

Flavor Version Tinstall Tcheck Ttotal Status Flags
r-devel-linux-x86_64-debian-clang 0.8-14 18.71 191.60 210.31 OK
r-devel-linux-x86_64-debian-gcc 0.8-14 13.80 151.55 165.35 OK
r-devel-linux-x86_64-fedora-clang 0.8-14 256.23 OK
r-devel-linux-x86_64-fedora-gcc 0.8-14 255.68 OK
r-devel-windows-ix86+x86_64 0.8-14 27.00 8.00 35.00 ERROR
r-patched-linux-x86_64 0.8-14 15.42 189.06 204.48 OK
r-patched-solaris-x86 0.8-14 329.50 OK
r-release-linux-x86_64 0.8-14 13.94 192.02 205.96 OK
r-release-windows-ix86+x86_64 0.8-14 46.00 241.00 287.00 OK
r-release-osx-x86_64 0.8-14 NOTE
r-oldrel-windows-ix86+x86_64 0.8-14 34.00 322.00 356.00 OK
r-oldrel-osx-x86_64 0.8-14 OK

Additional issues

LTO

Check Details

Version: 0.8-14
Check: whether package can be installed
Result: ERROR
    Installation failed.
Flavor: r-devel-windows-ix86+x86_64

Version: 0.8-14
Check: package dependencies
Result: NOTE
    Packages suggested but not available for checking: 'graph', 'mutoss'
Flavor: r-release-osx-x86_64