CRAN Package Check Results for Package gaston

Last updated on 2019-07-16 00:48:08 CEST.

Flavor Version Tinstall Tcheck Ttotal Status Flags
r-devel-linux-x86_64-debian-clang 1.5.5 608.03 104.37 712.40 OK
r-devel-linux-x86_64-debian-gcc 1.5.5 537.09 93.25 630.34 OK
r-devel-linux-x86_64-fedora-clang 1.5.5 1122.31 NOTE
r-devel-linux-x86_64-fedora-gcc 1.5.5 1154.00 OK
r-devel-windows-ix86+x86_64 1.5.5 1544.00 203.00 1747.00 NOTE
r-patched-linux-x86_64 1.5.5 625.48 118.29 743.77 OK
r-patched-solaris-x86 1.5.5 949.20 NOTE
r-release-linux-x86_64 1.5.5 624.36 115.27 739.63 OK
r-release-windows-ix86+x86_64 1.5.5 1124.00 221.00 1345.00 NOTE
r-release-osx-x86_64 1.5.5 NOTE
r-oldrel-windows-ix86+x86_64 1.5.5 1516.00 154.00 1670.00 NOTE
r-oldrel-osx-x86_64 1.5.5 NOTE

Check Details

Version: 1.5.5
Check: installed package size
Result: NOTE
     installed size is 73.1Mb
     sub-directories of 1Mb or more:
     extdata 1.6Mb
     libs 69.8Mb
Flavors: r-devel-linux-x86_64-fedora-clang, r-devel-windows-ix86+x86_64, r-patched-solaris-x86, r-release-windows-ix86+x86_64, r-release-osx-x86_64, r-oldrel-windows-ix86+x86_64, r-oldrel-osx-x86_64