CRAN Package Check Results for Package geex

Last updated on 2018-01-23 00:46:56 CET.

Flavor Version Tinstall Tcheck Ttotal Status Flags
r-devel-linux-x86_64-debian-clang 1.0.3 1.49 117.21 118.70 OK
r-devel-linux-x86_64-debian-gcc 1.0.3 1.56 101.12 102.68 OK
r-devel-linux-x86_64-fedora-clang 1.0.3 149.42 NOTE
r-devel-linux-x86_64-fedora-gcc 1.0.3 145.19 NOTE
r-devel-windows-ix86+x86_64 1.0.3 5.00 140.00 145.00 OK
r-patched-linux-x86_64 1.0.3 1.88 130.47 132.35 OK
r-patched-solaris-x86 1.0.3 178.20 NOTE
r-release-linux-x86_64 1.0.3 1.91 127.47 129.38 OK
r-release-windows-ix86+x86_64 1.0.3 5.00 157.00 162.00 OK
r-release-osx-x86_64 1.0.3 NOTE
r-oldrel-windows-ix86+x86_64 1.0.3 6.00 141.00 147.00 OK
r-oldrel-osx-x86_64 1.0.3 NOTE

Check Details

Version: 1.0.3
Check: dependencies in R code
Result: NOTE
    Namespace in Imports field not imported from: ‘rootSolve’
     All declared Imports should be used.
Flavors: r-devel-linux-x86_64-fedora-clang, r-devel-linux-x86_64-fedora-gcc, r-patched-solaris-x86, r-release-osx-x86_64, r-oldrel-osx-x86_64