CRAN Package Check Results for Package geex

Last updated on 2018-10-18 00:48:08 CEST.

Flavor Version Tinstall Tcheck Ttotal Status Flags
r-devel-linux-x86_64-debian-clang 1.0.11 3.68 269.79 273.47 OK
r-devel-linux-x86_64-debian-gcc 1.0.11 2.33 206.22 208.55 OK
r-devel-linux-x86_64-fedora-clang 1.0.11 315.21 NOTE
r-devel-linux-x86_64-fedora-gcc 1.0.11 317.35 NOTE
r-devel-windows-ix86+x86_64 1.0.11 12.00 370.00 382.00 OK
r-patched-linux-x86_64 1.0.11 2.96 268.02 270.98 OK
r-patched-solaris-x86 1.0.11 350.90 NOTE
r-release-linux-x86_64 1.0.11 3.71 263.51 267.22 OK
r-release-windows-ix86+x86_64 1.0.11 13.00 278.00 291.00 OK
r-release-osx-x86_64 1.0.11 NOTE
r-oldrel-windows-ix86+x86_64 1.0.11 8.00 364.00 372.00 OK
r-oldrel-osx-x86_64 1.0.11 NOTE

Check Details

Version: 1.0.11
Check: dependencies in R code
Result: NOTE
    Namespace in Imports field not imported from: ‘rootSolve’
     All declared Imports should be used.
Flavors: r-devel-linux-x86_64-fedora-clang, r-devel-linux-x86_64-fedora-gcc, r-patched-solaris-x86, r-release-osx-x86_64, r-oldrel-osx-x86_64