CRAN Package Check Results for Package geex

Last updated on 2018-07-18 00:49:50 CEST.

Flavor Version Tinstall Tcheck Ttotal Status Flags
r-devel-linux-x86_64-debian-clang 1.0.3 2.69 120.77 123.46 OK
r-devel-linux-x86_64-debian-gcc 1.0.3 2.83 92.45 95.28 OK
r-devel-linux-x86_64-fedora-clang 1.0.3 156.31 NOTE
r-devel-linux-x86_64-fedora-gcc 1.0.3 143.05 NOTE
r-devel-windows-ix86+x86_64 1.0.3 11.00 179.00 190.00 OK
r-patched-linux-x86_64 1.0.3 2.47 117.63 120.10 OK
r-patched-solaris-x86 1.0.3 167.10 NOTE
r-release-linux-x86_64 1.0.3 3.34 117.88 121.22 OK
r-release-windows-ix86+x86_64 1.0.3 13.00 153.00 166.00 OK
r-release-osx-x86_64 1.0.3 NOTE
r-oldrel-windows-ix86+x86_64 1.0.3 6.00 135.00 141.00 OK
r-oldrel-osx-x86_64 1.0.3 NOTE

Check Details

Version: 1.0.3
Check: dependencies in R code
Result: NOTE
    Namespace in Imports field not imported from: ‘rootSolve’
     All declared Imports should be used.
Flavors: r-devel-linux-x86_64-fedora-clang, r-devel-linux-x86_64-fedora-gcc, r-patched-solaris-x86, r-release-osx-x86_64, r-oldrel-osx-x86_64