CRAN Package Check Results for Package geex

Last updated on 2018-04-23 00:46:35 CEST.

Flavor Version Tinstall Tcheck Ttotal Status Flags
r-devel-linux-x86_64-debian-clang 1.0.3 2.08 104.00 106.08 OK
r-devel-linux-x86_64-debian-gcc 1.0.3 2.63 92.21 94.84 OK
r-devel-linux-x86_64-fedora-clang 1.0.3 139.85 NOTE
r-devel-linux-x86_64-fedora-gcc 1.0.3 136.02 NOTE
r-devel-windows-ix86+x86_64 1.0.3 10.00 130.00 140.00 OK
r-devel-osx-x86_64 1.0.3 NOTE
r-patched-linux-x86_64 1.0.3 2.82 121.90 124.72 OK
r-patched-solaris-x86 1.0.3 170.60 NOTE
r-release-linux-x86_64 1.0.3 1.69 124.05 125.74 OK
r-release-windows-ix86+x86_64 1.0.3 5.00 135.00 140.00 OK
r-release-osx-x86_64 1.0.3 NOTE
r-oldrel-windows-ix86+x86_64 1.0.3 6.00 133.00 139.00 OK

Check Details

Version: 1.0.3
Check: dependencies in R code
Result: NOTE
    Namespace in Imports field not imported from: ‘rootSolve’
     All declared Imports should be used.
Flavors: r-devel-linux-x86_64-fedora-clang, r-devel-linux-x86_64-fedora-gcc, r-devel-osx-x86_64, r-patched-solaris-x86, r-release-osx-x86_64