CRAN Package Check Results for Package geex

Last updated on 2019-01-19 00:46:26 CET.

Flavor Version Tinstall Tcheck Ttotal Status Flags
r-devel-linux-x86_64-debian-clang 1.0.11 3.97 298.80 302.77 OK
r-devel-linux-x86_64-debian-gcc 1.0.11 2.78 212.94 215.72 OK
r-devel-linux-x86_64-fedora-clang 1.0.11 338.36 NOTE
r-devel-linux-x86_64-fedora-gcc 1.0.11 312.76 NOTE
r-devel-windows-ix86+x86_64 1.0.11 10.00 375.00 385.00 OK
r-patched-linux-x86_64 1.0.11 3.76 267.01 270.77 OK
r-patched-solaris-x86 1.0.11 374.80 NOTE
r-release-linux-x86_64 1.0.11 3.70 264.94 268.64 OK
r-release-windows-ix86+x86_64 1.0.11 11.00 372.00 383.00 OK
r-release-osx-x86_64 1.0.11 NOTE
r-oldrel-windows-ix86+x86_64 1.0.11 8.00 381.00 389.00 OK
r-oldrel-osx-x86_64 1.0.11 NOTE

Check Details

Version: 1.0.11
Check: dependencies in R code
Result: NOTE
    Namespace in Imports field not imported from: ‘rootSolve’
     All declared Imports should be used.
Flavors: r-devel-linux-x86_64-fedora-clang, r-devel-linux-x86_64-fedora-gcc, r-patched-solaris-x86, r-release-osx-x86_64, r-oldrel-osx-x86_64