CRAN Package Check Results for Package gemtc

Last updated on 2019-10-20 00:47:30 CEST.

Flavor Version Tinstall Tcheck Ttotal Status Flags
r-devel-linux-x86_64-debian-clang 0.8-2 9.30 95.58 104.88 NOTE
r-devel-linux-x86_64-debian-gcc 0.8-2 6.95 71.20 78.15 NOTE
r-devel-linux-x86_64-fedora-clang 0.8-2 118.80 NOTE
r-devel-linux-x86_64-fedora-gcc 0.8-2 118.73 NOTE
r-devel-windows-ix86+x86_64 0.8-2 17.00 147.00 164.00 OK
r-patched-linux-x86_64 0.8-2 7.44 91.25 98.69 OK
r-patched-solaris-x86 0.8-2 161.00 OK
r-release-linux-x86_64 0.8-2 8.04 93.92 101.96 OK
r-release-windows-ix86+x86_64 0.8-2 15.00 217.00 232.00 OK
r-release-osx-x86_64 0.8-2 OK
r-oldrel-windows-ix86+x86_64 0.8-2 12.00 148.00 160.00 OK
r-oldrel-osx-x86_64 0.8-2 OK

Check Details

Version: 0.8-2
Check: for non-standard things in the check directory
Result: NOTE
    Found the following files/directories:
     'smoking-effects.csv'
Flavors: r-devel-linux-x86_64-debian-clang, r-devel-linux-x86_64-debian-gcc, r-devel-linux-x86_64-fedora-clang, r-devel-linux-x86_64-fedora-gcc

Version: 0.8-2
Check: compiled code
Result: NOTE
    File ‘gemtc/libs/gemtc.so’:
     Found no calls to: ‘R_registerRoutines’, ‘R_useDynamicSymbols’
    
    It is good practice to register native routines and to disable symbol
    search.
    
    See ‘Writing portable packages’ in the ‘Writing R Extensions’ manual.
Flavors: r-devel-linux-x86_64-fedora-clang, r-devel-linux-x86_64-fedora-gcc