CRAN Package Check Results for Package geno2proteo

Last updated on 2019-06-26 00:47:25 CEST.

Flavor Version Tinstall Tcheck Ttotal Status Flags
r-devel-linux-x86_64-debian-clang 0.0.3 11.23 122.89 134.12 OK
r-devel-linux-x86_64-debian-gcc 0.0.3 10.74 99.16 109.90 OK
r-devel-linux-x86_64-fedora-clang 0.0.3 161.44 OK
r-devel-linux-x86_64-fedora-gcc 0.0.3 159.03 OK
r-devel-windows-ix86+x86_64 0.0.3 34.00 172.00 206.00 OK
r-patched-linux-x86_64 0.0.3 11.09 124.78 135.87 OK
r-patched-solaris-x86 0.0.3 249.30 OK
r-release-linux-x86_64 0.0.3 11.33 123.24 134.57 OK
r-release-windows-ix86+x86_64 0.0.3 25.00 216.00 241.00 OK
r-release-osx-x86_64 0.0.3 ERROR
r-oldrel-windows-ix86+x86_64 0.0.3 16.00 172.00 188.00 OK
r-oldrel-osx-x86_64 0.0.3 OK

Check Details

Version: 0.0.3
Check: package dependencies
Result: ERROR
    Packages required but not available:
     'S4Vectors', 'BiocGenerics', 'GenomicRanges', 'IRanges'
    
    See section ‘The DESCRIPTION file’ in the ‘Writing R Extensions’
    manual.
Flavor: r-release-osx-x86_64