CRAN Package Check Results for Package geno2proteo

Last updated on 2019-09-17 00:49:14 CEST.

Flavor Version Tinstall Tcheck Ttotal Status Flags
r-devel-linux-x86_64-debian-clang 0.0.3 11.18 127.03 138.21 OK
r-devel-linux-x86_64-debian-gcc 0.0.3 OK
r-devel-linux-x86_64-fedora-clang 0.0.3 183.22 OK
r-devel-linux-x86_64-fedora-gcc 0.0.3 169.29 OK
r-devel-windows-ix86+x86_64 0.0.3 35.00 178.00 213.00 OK
r-patched-linux-x86_64 0.0.3 11.15 122.11 133.26 OK
r-patched-solaris-x86 0.0.3 249.30 OK
r-release-linux-x86_64 0.0.3 12.01 122.74 134.75 OK
r-release-windows-ix86+x86_64 0.0.3 25.00 208.00 233.00 OK
r-release-osx-x86_64 0.0.3 ERROR
r-oldrel-windows-ix86+x86_64 0.0.3 20.00 162.00 182.00 OK
r-oldrel-osx-x86_64 0.0.3 OK

Check Details

Version: 0.0.3
Check: package dependencies
Result: ERROR
    Packages required but not available:
     'S4Vectors', 'BiocGenerics', 'GenomicRanges', 'IRanges'
    
    See section ‘The DESCRIPTION file’ in the ‘Writing R Extensions’
    manual.
Flavor: r-release-osx-x86_64