CRAN Package Check Results for Package geoRglm

Last updated on 2019-12-06 00:49:56 CET.

Flavor Version Tinstall Tcheck Ttotal Status Flags
r-devel-linux-x86_64-debian-clang 0.9-11 19.24 104.96 124.20 OK
r-devel-linux-x86_64-debian-gcc 0.9-11 13.52 79.73 93.25 OK
r-devel-linux-x86_64-fedora-clang 0.9-11 145.30 OK
r-devel-linux-x86_64-fedora-gcc 0.9-11 147.61 OK
r-devel-windows-ix86+x86_64 0.9-11 25.00 176.00 201.00 OK
r-devel-windows-ix86+x86_64-gcc8 0.9-11 26.00 130.00 156.00 OK
r-patched-linux-x86_64 0.9-11 16.83 101.69 118.52 OK
r-patched-solaris-x86 0.9-11 216.50 OK
r-release-linux-x86_64 0.9-11 16.98 101.51 118.49 OK
r-release-windows-ix86+x86_64 0.9-11 31.00 126.00 157.00 OK
r-release-osx-x86_64 0.9-11 FAIL
r-oldrel-windows-ix86+x86_64 0.9-11 18.00 116.00 134.00 OK
r-oldrel-osx-x86_64 0.9-11 OK

Additional issues

LTO

Check Details

Version: 0.9-11
Check: whether package can be installed
Result: FAIL
    
Flavor: r-release-osx-x86_64