CRAN Package Check Results for Package geoRglm

Last updated on 2019-08-17 00:51:12 CEST.

Flavor Version Tinstall Tcheck Ttotal Status Flags
r-devel-linux-x86_64-debian-clang 0.9-11 19.67 100.60 120.27 OK
r-devel-linux-x86_64-debian-gcc 0.9-11 12.67 76.54 89.21 OK
r-devel-linux-x86_64-fedora-clang 0.9-11 140.78 OK
r-devel-linux-x86_64-fedora-gcc 0.9-11 145.15 OK
r-devel-windows-ix86+x86_64 0.9-11 36.00 173.00 209.00 OK
r-patched-linux-x86_64 0.9-11 16.54 103.47 120.01 OK
r-patched-solaris-x86 0.9-11 220.80 OK
r-release-linux-x86_64 0.9-11 15.75 103.41 119.16 OK
r-release-windows-ix86+x86_64 0.9-11 33.00 162.00 195.00 OK
r-release-osx-x86_64 0.9-11 FAIL
r-oldrel-windows-ix86+x86_64 0.9-11 28.00 167.00 195.00 OK
r-oldrel-osx-x86_64 0.9-11 OK

Additional issues

LTO

Check Details

Version: 0.9-11
Check: whether package can be installed
Result: FAIL
    
Flavor: r-release-osx-x86_64