CRAN Package Check Results for Package geoRglm

Last updated on 2019-06-18 00:51:37 CEST.

Flavor Version Tinstall Tcheck Ttotal Status Flags
r-devel-linux-x86_64-debian-clang 0.9-11 18.18 100.03 118.21 OK
r-devel-linux-x86_64-debian-gcc 0.9-11 12.95 77.20 90.15 OK
r-devel-linux-x86_64-fedora-clang 0.9-11 143.53 OK
r-devel-linux-x86_64-fedora-gcc 0.9-11 141.61 OK
r-devel-windows-ix86+x86_64 0.9-11 33.00 131.00 164.00 OK
r-patched-linux-x86_64 0.9-11 16.32 103.93 120.25 OK
r-patched-solaris-x86 0.9-11 224.50 OK
r-release-linux-x86_64 0.9-11 16.09 103.58 119.67 OK
r-release-windows-ix86+x86_64 0.9-11 24.00 171.00 195.00 OK
r-release-osx-x86_64 0.9-11 FAIL
r-oldrel-windows-ix86+x86_64 0.9-11 19.00 161.00 180.00 OK
r-oldrel-osx-x86_64 0.9-11 OK

Additional issues

LTO

Check Details

Version: 0.9-11
Check: whether package can be installed
Result: FAIL
    
Flavor: r-release-osx-x86_64