CRAN Package Check Results for Package geojsonR

Last updated on 2019-07-16 00:48:08 CEST.

Flavor Version Tinstall Tcheck Ttotal Status Flags
r-devel-linux-x86_64-debian-clang 1.0.6 45.17 27.42 72.59 OK
r-devel-linux-x86_64-debian-gcc 1.0.6 39.66 22.53 62.19 OK
r-devel-linux-x86_64-fedora-clang 1.0.6 104.64 OK
r-devel-linux-x86_64-fedora-gcc 1.0.6 110.13 OK
r-devel-windows-ix86+x86_64 1.0.6 127.00 350.00 477.00 OK
r-patched-linux-x86_64 1.0.6 45.30 27.59 72.89 OK
r-patched-solaris-x86 1.0.6 119.20 OK
r-release-linux-x86_64 1.0.6 49.79 27.27 77.06 OK
r-release-windows-ix86+x86_64 1.0.6 98.00 93.00 191.00 OK
r-release-osx-x86_64 1.0.6 NOTE
r-oldrel-windows-ix86+x86_64 1.0.6 126.00 63.00 189.00 OK
r-oldrel-osx-x86_64 1.0.6 NOTE

Check Details

Version: 1.0.6
Check: installed package size
Result: NOTE
     installed size is 5.2Mb
     sub-directories of 1Mb or more:
     doc 1.3Mb
     libs 3.8Mb
Flavors: r-release-osx-x86_64, r-oldrel-osx-x86_64