CRAN Package Check Results for Package geojsonR

Last updated on 2019-12-16 00:48:55 CET.

Flavor Version Tinstall Tcheck Ttotal Status Flags
r-devel-linux-x86_64-debian-clang 1.0.7 53.04 30.55 83.59 OK
r-devel-linux-x86_64-debian-gcc 1.0.7 44.07 24.79 68.86 OK
r-devel-linux-x86_64-fedora-clang 1.0.7 116.21 NOTE
r-devel-linux-x86_64-fedora-gcc 1.0.7 123.65 OK
r-devel-windows-ix86+x86_64 1.0.7 97.00 98.00 195.00 OK
r-devel-windows-ix86+x86_64-gcc8 1.0.7 110.00 103.00 213.00 OK
r-patched-linux-x86_64 1.0.7 46.46 27.92 74.38 OK
r-patched-solaris-x86 1.0.7 118.40 OK
r-release-linux-x86_64 1.0.7 46.18 28.25 74.43 OK
r-release-windows-ix86+x86_64 1.0.7 102.00 61.00 163.00 OK
r-release-osx-x86_64 1.0.7 NOTE
r-oldrel-windows-ix86+x86_64 1.0.7 106.00 59.00 165.00 OK
r-oldrel-osx-x86_64 1.0.7 NOTE

Check Details

Version: 1.0.7
Check: installed package size
Result: NOTE
     installed size is 5.2Mb
     sub-directories of 1Mb or more:
     doc 1.3Mb
     libs 3.8Mb
Flavors: r-devel-linux-x86_64-fedora-clang, r-release-osx-x86_64, r-oldrel-osx-x86_64