CRAN Package Check Results for Package geojsonio

Last updated on 2019-07-16 00:48:08 CEST.

Flavor Version Tinstall Tcheck Ttotal Status Flags
r-devel-linux-x86_64-debian-clang 0.7.0 10.76 115.50 126.26 NOTE
r-devel-linux-x86_64-debian-gcc 0.7.0 9.60 91.54 101.14 NOTE
r-devel-linux-x86_64-fedora-clang 0.7.0 200.23 NOTE
r-devel-linux-x86_64-fedora-gcc 0.7.0 201.49 NOTE
r-devel-windows-ix86+x86_64 0.7.0 37.00 214.00 251.00 OK
r-patched-linux-x86_64 0.7.0 10.54 114.22 124.76 OK
r-patched-solaris-x86 0.7.0 215.40 NOTE
r-release-linux-x86_64 0.7.0 10.20 114.00 124.20 OK
r-release-windows-ix86+x86_64 0.7.0 26.00 196.00 222.00 OK
r-release-osx-x86_64 0.7.0 OK
r-oldrel-windows-ix86+x86_64 0.7.0 24.00 193.00 217.00 OK
r-oldrel-osx-x86_64 0.7.0 OK

Check Details

Version: 0.7.0
Check: for non-standard things in the check directory
Result: NOTE
    Found the following files/directories:
     'myfile.topojson'
Flavors: r-devel-linux-x86_64-debian-clang, r-devel-linux-x86_64-debian-gcc, r-devel-linux-x86_64-fedora-clang, r-devel-linux-x86_64-fedora-gcc

Version: 0.7.0
Check: installed package size
Result: NOTE
     installed size is 5.7Mb
     sub-directories of 1Mb or more:
     doc 1.5Mb
     examples 1.9Mb
     vign 1.4Mb
Flavor: r-patched-solaris-x86