CRAN Package Check Results for Package geojsonio

Last updated on 2019-09-20 00:47:35 CEST.

Flavor Version Tinstall Tcheck Ttotal Status Flags
r-devel-linux-x86_64-debian-clang 0.7.0 10.28 112.47 122.75 NOTE
r-devel-linux-x86_64-debian-gcc 0.7.0 9.95 90.06 100.01 NOTE
r-devel-linux-x86_64-fedora-clang 0.7.0 212.86 NOTE
r-devel-linux-x86_64-fedora-gcc 0.7.0 216.47 NOTE
r-devel-windows-ix86+x86_64 0.7.0 37.00 190.00 227.00 OK
r-patched-linux-x86_64 0.7.0 9.35 112.10 121.45 OK
r-patched-solaris-x86 0.7.0 214.10 NOTE
r-release-linux-x86_64 0.7.0 11.24 112.12 123.36 OK
r-release-windows-ix86+x86_64 0.7.0 26.00 131.00 157.00 OK
r-release-osx-x86_64 0.7.0 OK
r-oldrel-windows-ix86+x86_64 0.7.0 17.00 129.00 146.00 OK
r-oldrel-osx-x86_64 0.7.0 OK

Check Details

Version: 0.7.0
Check: for non-standard things in the check directory
Result: NOTE
    Found the following files/directories:
     'myfile.topojson'
Flavors: r-devel-linux-x86_64-debian-clang, r-devel-linux-x86_64-debian-gcc, r-devel-linux-x86_64-fedora-clang, r-devel-linux-x86_64-fedora-gcc

Version: 0.7.0
Check: installed package size
Result: NOTE
     installed size is 5.7Mb
     sub-directories of 1Mb or more:
     doc 1.5Mb
     examples 1.9Mb
     vign 1.4Mb
Flavor: r-patched-solaris-x86