CRAN Package Check Results for Package gert

Last updated on 2019-08-17 00:51:12 CEST.

Flavor Version Tinstall Tcheck Ttotal Status Flags
r-devel-linux-x86_64-debian-clang 0.2 5.62 22.32 27.94 OK
r-devel-linux-x86_64-debian-gcc 0.2 4.33 18.17 22.50 OK
r-devel-linux-x86_64-fedora-clang 0.2 33.95 OK
r-devel-linux-x86_64-fedora-gcc 0.2 33.21 OK
r-devel-windows-ix86+x86_64 0.2 54.00 122.00 176.00 NOTE
r-patched-linux-x86_64 0.2 4.70 22.59 27.29 OK
r-release-linux-x86_64 0.2 4.66 22.26 26.92 OK
r-release-windows-ix86+x86_64 0.2 44.00 122.00 166.00 NOTE
r-release-osx-x86_64 0.2 OK
r-oldrel-windows-ix86+x86_64 0.2 35.00 116.00 151.00 NOTE
r-oldrel-osx-x86_64 0.2 OK

Check Details

Version: 0.2
Check: installed package size
Result: NOTE
     installed size is 7.2Mb
     sub-directories of 1Mb or more:
     libs 7.1Mb
Flavors: r-devel-windows-ix86+x86_64, r-release-windows-ix86+x86_64, r-oldrel-windows-ix86+x86_64