CRAN Package Check Results for Package gert

Last updated on 2019-12-16 00:48:55 CET.

Flavor Version Tinstall Tcheck Ttotal Status Flags
r-devel-linux-x86_64-debian-clang 0.3 5.78 24.62 30.40 OK
r-devel-linux-x86_64-debian-gcc 0.3 4.02 19.93 23.95 OK
r-devel-linux-x86_64-fedora-clang 0.3 38.55 OK
r-devel-linux-x86_64-fedora-gcc 0.3 39.16 OK
r-devel-windows-ix86+x86_64 0.3 31.00 108.00 139.00 NOTE
r-devel-windows-ix86+x86_64-gcc8 0.3 30.00 116.00 146.00 NOTE
r-patched-linux-x86_64 0.3 4.19 22.82 27.01 OK
r-release-linux-x86_64 0.3 4.48 22.83 27.31 OK
r-release-windows-ix86+x86_64 0.3 31.00 101.00 132.00 NOTE
r-release-osx-x86_64 0.3 OK
r-oldrel-windows-ix86+x86_64 0.3 28.00 101.00 129.00 NOTE
r-oldrel-osx-x86_64 0.3 OK

Check Details

Version: 0.3
Check: installed package size
Result: NOTE
     installed size is 7.2Mb
     sub-directories of 1Mb or more:
     libs 7.1Mb
Flavors: r-devel-windows-ix86+x86_64, r-devel-windows-ix86+x86_64-gcc8, r-release-windows-ix86+x86_64, r-oldrel-windows-ix86+x86_64