CRAN Package Check Results for Package gert

Last updated on 2020-07-11 00:48:50 CEST.

Flavor Version Tinstall Tcheck Ttotal Status Flags
r-devel-linux-x86_64-debian-clang 0.3 6.03 25.55 31.58 OK
r-devel-linux-x86_64-debian-gcc 0.3 4.20 20.00 24.20 OK
r-devel-linux-x86_64-fedora-clang 0.3 47.15 OK
r-devel-linux-x86_64-fedora-gcc 0.3 36.74 OK
r-devel-windows-ix86+x86_64 0.3 27.00 96.00 123.00 NOTE
r-patched-linux-x86_64 0.3 5.09 24.83 29.92 OK
r-release-linux-x86_64 0.3 4.95 24.87 29.82 OK
r-release-osx-x86_64 0.3 OK
r-release-windows-ix86+x86_64 0.3 26.00 126.00 152.00 NOTE
r-oldrel-osx-x86_64 0.3 OK
r-oldrel-windows-ix86+x86_64 0.3 31.00 106.00 137.00 NOTE

Check Details

Version: 0.3
Check: installed package size
Result: NOTE
     installed size is 7.2Mb
     sub-directories of 1Mb or more:
     libs 7.1Mb
Flavors: r-devel-windows-ix86+x86_64, r-release-windows-ix86+x86_64, r-oldrel-windows-ix86+x86_64