CRAN Package Check Results for Package getTBinR

Last updated on 2019-11-22 00:49:14 CET.

Flavor Version Tinstall Tcheck Ttotal Status Flags
r-devel-linux-x86_64-debian-clang 0.7.0 7.98 151.07 159.05 OK
r-devel-linux-x86_64-debian-gcc 0.7.0 6.63 163.97 170.60 OK
r-devel-linux-x86_64-fedora-clang 0.7.0 188.78 OK
r-devel-linux-x86_64-fedora-gcc 0.7.0 212.26 OK
r-devel-windows-ix86+x86_64 0.7.0 24.00 241.00 265.00 OK
r-devel-windows-ix86+x86_64-gcc8 0.7.0 19.00 163.00 182.00 OK
r-patched-linux-x86_64 0.7.0 7.00 157.07 164.07 OK
r-patched-solaris-x86 0.7.0 248.40 NOTE
r-release-linux-x86_64 0.7.0 6.60 147.18 153.78 OK
r-release-windows-ix86+x86_64 0.7.0 23.00 213.00 236.00 OK
r-release-osx-x86_64 0.7.0 OK
r-oldrel-windows-ix86+x86_64 0.7.0 8.00 156.00 164.00 OK
r-oldrel-osx-x86_64 0.7.0 OK

Check Details

Version: 0.7.0
Check: installed package size
Result: NOTE
     installed size is 5.3Mb
     sub-directories of 1Mb or more:
     doc 3.2Mb
     help 1.6Mb
Flavor: r-patched-solaris-x86