CRAN Package Check Results for Package getmstatistic

Last updated on 2019-07-16 00:48:08 CEST.

Flavor Version Tinstall Tcheck Ttotal Status Flags
r-devel-linux-x86_64-debian-clang 0.2.0 7.80 120.61 128.41 NOTE
r-devel-linux-x86_64-debian-gcc 0.2.0 6.18 92.28 98.46 NOTE
r-devel-linux-x86_64-fedora-clang 0.2.0 140.47 NOTE
r-devel-linux-x86_64-fedora-gcc 0.2.0 144.51 NOTE
r-devel-windows-ix86+x86_64 0.2.0 10.00 362.00 372.00 OK
r-patched-linux-x86_64 0.2.0 7.29 115.29 122.58 OK
r-patched-solaris-x86 0.2.0 209.50 OK
r-release-linux-x86_64 0.2.0 8.94 115.86 124.80 OK
r-release-windows-ix86+x86_64 0.2.0 7.00 217.00 224.00 OK
r-release-osx-x86_64 0.2.0 OK
r-oldrel-windows-ix86+x86_64 0.2.0 10.00 137.00 147.00 OK
r-oldrel-osx-x86_64 0.2.0 OK

Check Details

Version: 0.2.0
Check: for non-standard things in the check directory
Result: NOTE
    Found the following files/directories:
     'Histogram_Mstatistics_10studies_20snps.tif'
     'Mstatistics_vs_average_variant_effectsize_10studies_20snps.tif'
     'table_underperforming_studies.tif'
Flavors: r-devel-linux-x86_64-debian-clang, r-devel-linux-x86_64-debian-gcc, r-devel-linux-x86_64-fedora-clang, r-devel-linux-x86_64-fedora-gcc