CRAN Package Check Results for Package getmstatistic

Last updated on 2019-10-20 00:47:30 CEST.

Flavor Version Tinstall Tcheck Ttotal Status Flags
r-devel-linux-x86_64-debian-clang 0.2.0 7.36 115.19 122.55 NOTE
r-devel-linux-x86_64-debian-gcc 0.2.0 6.64 90.49 97.13 NOTE
r-devel-linux-x86_64-fedora-clang 0.2.0 139.70 NOTE
r-devel-linux-x86_64-fedora-gcc 0.2.0 140.34 NOTE
r-devel-windows-ix86+x86_64 0.2.0 9.00 134.00 143.00 OK
r-patched-linux-x86_64 0.2.0 6.92 116.32 123.24 OK
r-patched-solaris-x86 0.2.0 201.10 OK
r-release-linux-x86_64 0.2.0 7.08 114.53 121.61 OK
r-release-windows-ix86+x86_64 0.2.0 8.00 198.00 206.00 OK
r-release-osx-x86_64 0.2.0 OK
r-oldrel-windows-ix86+x86_64 0.2.0 5.00 132.00 137.00 OK
r-oldrel-osx-x86_64 0.2.0 OK

Check Details

Version: 0.2.0
Check: for non-standard things in the check directory
Result: NOTE
    Found the following files/directories:
     'Histogram_Mstatistics_10studies_20snps.tif'
     'Mstatistics_vs_average_variant_effectsize_10studies_20snps.tif'
     'table_underperforming_studies.tif'
Flavors: r-devel-linux-x86_64-debian-clang, r-devel-linux-x86_64-debian-gcc, r-devel-linux-x86_64-fedora-clang, r-devel-linux-x86_64-fedora-gcc