CRAN Package Check Results for Package gfer

Last updated on 2019-10-22 00:52:23 CEST.

Flavor Version Tinstall Tcheck Ttotal Status Flags
r-devel-linux-x86_64-debian-clang 0.1.10 9.59 69.07 78.66 OK
r-devel-linux-x86_64-debian-gcc 0.1.10 7.96 53.66 61.62 OK
r-devel-linux-x86_64-fedora-clang 0.1.10 76.34 NOTE
r-devel-linux-x86_64-fedora-gcc 0.1.10 71.70 NOTE
r-devel-windows-ix86+x86_64 0.1.10 23.00 112.00 135.00 OK
r-patched-linux-x86_64 0.1.10 7.79 67.73 75.52 OK
r-patched-solaris-x86 0.1.10 113.90 NOTE
r-release-linux-x86_64 0.1.10 7.88 67.67 75.55 OK
r-release-windows-ix86+x86_64 0.1.10 31.00 82.00 113.00 OK
r-release-osx-x86_64 0.1.10 NOTE
r-oldrel-windows-ix86+x86_64 0.1.10 13.00 84.00 97.00 OK
r-oldrel-osx-x86_64 0.1.10 NOTE

Check Details

Version: 0.1.10
Check: dependencies in R code
Result: NOTE
    Namespace in Imports field not imported from: ‘tidyr’
     All declared Imports should be used.
Flavors: r-devel-linux-x86_64-fedora-clang, r-devel-linux-x86_64-fedora-gcc, r-patched-solaris-x86, r-release-osx-x86_64, r-oldrel-osx-x86_64