CRAN Package Check Results for Package gge

Last updated on 2019-08-20 00:50:47 CEST.

Flavor Version Tinstall Tcheck Ttotal Status Flags
r-devel-linux-x86_64-debian-clang 1.4 3.36 37.80 41.16 OK
r-devel-linux-x86_64-debian-gcc 1.4 2.86 29.83 32.69 OK
r-devel-linux-x86_64-fedora-clang 1.4 52.82 OK
r-devel-linux-x86_64-fedora-gcc 1.4 50.21 OK
r-devel-windows-ix86+x86_64 1.4 15.00 68.00 83.00 OK
r-patched-linux-x86_64 1.4 2.85 37.33 40.18 OK
r-patched-solaris-x86 1.4 67.90 OK
r-release-linux-x86_64 1.4 3.04 36.98 40.02 OK
r-release-windows-ix86+x86_64 1.4 7.00 44.00 51.00 OK
r-release-osx-x86_64 1.4 ERROR
r-oldrel-windows-ix86+x86_64 1.4 6.00 70.00 76.00 OK
r-oldrel-osx-x86_64 1.4 OK

Check Details

Version: 1.4
Check: tests
Result: ERROR
     Running ‘testthat.R’ [3s/5s]
    Running the tests in ‘tests/testthat.R’ failed.
    Last 13 lines of output:
     Switching to 'nipals' method.
     Missing values detected: (3%)
     Missing values detected: (3%)
     Switching to 'nipals' method.
     Missing values detected: (3%)
     Switching to 'nipals' method.
     ── 1. Failure: rgl works (@test_gge.R#162) ────────────────────────────────────
     `{ ... }` produced warnings.
    
     ══ testthat results ═══════════════════════════════════════════════════════════
     OK: 14 SKIPPED: 0 FAILED: 1
     1. Failure: rgl works (@test_gge.R#162)
    
     Error: testthat unit tests failed
     Execution halted
Flavor: r-release-osx-x86_64