Last updated on 2019-12-16 00:48:55 CET.
Flavor | Version | Tinstall | Tcheck | Ttotal | Status | Flags |
---|---|---|---|---|---|---|
r-devel-linux-x86_64-debian-clang | 1.4 | 3.44 | 42.60 | 46.04 | OK | |
r-devel-linux-x86_64-debian-gcc | 1.4 | 2.76 | 32.55 | 35.31 | OK | |
r-devel-linux-x86_64-fedora-clang | 1.4 | 55.65 | OK | |||
r-devel-linux-x86_64-fedora-gcc | 1.4 | 57.43 | OK | |||
r-devel-windows-ix86+x86_64 | 1.4 | 10.00 | 51.00 | 61.00 | OK | |
r-devel-windows-ix86+x86_64-gcc8 | 1.4 | 9.00 | 76.00 | 85.00 | OK | |
r-patched-linux-x86_64 | 1.4 | 2.98 | 38.19 | 41.17 | OK | |
r-patched-solaris-x86 | 1.4 | 66.70 | OK | |||
r-release-linux-x86_64 | 1.4 | 2.82 | 38.33 | 41.15 | OK | |
r-release-windows-ix86+x86_64 | 1.4 | 6.00 | 49.00 | 55.00 | OK | |
r-release-osx-x86_64 | 1.4 | ERROR | ||||
r-oldrel-windows-ix86+x86_64 | 1.4 | 5.00 | 43.00 | 48.00 | OK | |
r-oldrel-osx-x86_64 | 1.4 | OK |
Version: 1.4
Check: tests
Result: ERROR
Running ‘testthat.R’ [3s/5s]
Running the tests in ‘tests/testthat.R’ failed.
Last 13 lines of output:
Switching to 'nipals' method.
Missing values detected: (3%)
Missing values detected: (3%)
Switching to 'nipals' method.
Missing values detected: (3%)
Switching to 'nipals' method.
── 1. Failure: rgl works (@test_gge.R#162) ────────────────────────────────────
`{ ... }` produced warnings.
══ testthat results ═══════════════════════════════════════════════════════════
OK: 14 SKIPPED: 0 FAILED: 1
1. Failure: rgl works (@test_gge.R#162)
Error: testthat unit tests failed
Execution halted
Flavor: r-release-osx-x86_64