CRAN Package Check Results for Package ggforce

Last updated on 2019-09-16 00:47:41 CEST.

Flavor Version Tinstall Tcheck Ttotal Status Flags
r-devel-linux-x86_64-debian-clang 0.3.1 87.09 127.37 214.46 OK
r-devel-linux-x86_64-debian-gcc 0.3.1 77.43 96.47 173.90 OK
r-devel-linux-x86_64-fedora-clang 0.3.1 283.34 NOTE
r-devel-linux-x86_64-fedora-gcc 0.3.1 277.74 NOTE
r-devel-windows-ix86+x86_64 0.3.1 199.00 218.00 417.00 OK
r-patched-linux-x86_64 0.3.1 93.03 123.92 216.95 OK
r-patched-solaris-x86 0.3.1 284.20 NOTE
r-release-linux-x86_64 0.3.1 85.12 125.30 210.42 OK
r-release-windows-ix86+x86_64 0.3.1 150.00 213.00 363.00 OK
r-release-osx-x86_64 0.3.1 NOTE
r-oldrel-windows-ix86+x86_64 0.3.1 200.00 210.00 410.00 OK
r-oldrel-osx-x86_64 0.3.1 NOTE

Check Details

Version: 0.3.1
Check: installed package size
Result: NOTE
     installed size is 20.0Mb
     sub-directories of 1Mb or more:
     help 1.1Mb
     libs 18.0Mb
Flavors: r-devel-linux-x86_64-fedora-clang, r-release-osx-x86_64, r-oldrel-osx-x86_64

Version: 0.3.1
Check: dependencies in R code
Result: NOTE
    Namespace in Imports field not imported from: ‘withr’
     All declared Imports should be used.
Flavors: r-devel-linux-x86_64-fedora-clang, r-devel-linux-x86_64-fedora-gcc, r-patched-solaris-x86, r-release-osx-x86_64, r-oldrel-osx-x86_64