CRAN Package Check Results for Package ggformula

Last updated on 2019-07-16 00:48:09 CEST.

Flavor Version Tinstall Tcheck Ttotal Status Flags
r-devel-linux-x86_64-debian-clang 0.9.1 18.05 297.34 315.39 OK
r-devel-linux-x86_64-debian-gcc 0.9.1 16.82 223.70 240.52 OK
r-devel-linux-x86_64-fedora-clang 0.9.1 360.40 NOTE
r-devel-linux-x86_64-fedora-gcc 0.9.1 376.73 NOTE
r-devel-windows-ix86+x86_64 0.9.1 43.00 481.00 524.00 OK
r-patched-linux-x86_64 0.9.1 19.87 290.88 310.75 OK
r-patched-solaris-x86 0.9.1 511.40 NOTE
r-release-linux-x86_64 0.9.1 23.39 291.70 315.09 OK
r-release-windows-ix86+x86_64 0.9.1 23.00 491.00 514.00 OK
r-release-osx-x86_64 0.9.1 NOTE
r-oldrel-windows-ix86+x86_64 0.9.1 31.00 446.00 477.00 OK
r-oldrel-osx-x86_64 0.9.1 NOTE

Check Details

Version: 0.9.1
Check: installed package size
Result: NOTE
     installed size is 5.0Mb
     sub-directories of 1Mb or more:
     doc 2.7Mb
Flavors: r-devel-linux-x86_64-fedora-clang, r-patched-solaris-x86

Version: 0.9.1
Check: dependencies in R code
Result: NOTE
    Namespace in Imports field not imported from: ‘tidyr’
     All declared Imports should be used.
Flavors: r-devel-linux-x86_64-fedora-clang, r-devel-linux-x86_64-fedora-gcc, r-patched-solaris-x86, r-release-osx-x86_64, r-oldrel-osx-x86_64