CRAN Package Check Results for Package ggformula

Last updated on 2019-10-23 00:47:51 CEST.

Flavor Version Tinstall Tcheck Ttotal Status Flags
r-devel-linux-x86_64-debian-clang 0.9.2 17.09 313.26 330.35 OK
r-devel-linux-x86_64-debian-gcc 0.9.2 14.38 230.77 245.15 OK
r-devel-linux-x86_64-fedora-clang 0.9.2 370.56 NOTE
r-devel-linux-x86_64-fedora-gcc 0.9.2 364.19 NOTE
r-devel-windows-ix86+x86_64 0.9.2 27.00 469.00 496.00 OK
r-patched-linux-x86_64 0.9.2 15.63 298.58 314.21 OK
r-patched-solaris-x86 0.9.2 526.40 NOTE
r-release-linux-x86_64 0.9.2 13.88 302.36 316.24 OK
r-release-windows-ix86+x86_64 0.9.2 37.00 474.00 511.00 OK
r-release-osx-x86_64 0.9.2 NOTE
r-oldrel-windows-ix86+x86_64 0.9.2 28.00 503.00 531.00 OK
r-oldrel-osx-x86_64 0.9.2 NOTE

Check Details

Version: 0.9.2
Check: dependencies in R code
Result: NOTE
    Namespace in Imports field not imported from: ‘tidyr’
     All declared Imports should be used.
Flavors: r-devel-linux-x86_64-fedora-clang, r-devel-linux-x86_64-fedora-gcc, r-patched-solaris-x86, r-release-osx-x86_64, r-oldrel-osx-x86_64

Version: 0.9.2
Check: installed package size
Result: NOTE
     installed size is 5.2Mb
     sub-directories of 1Mb or more:
     doc 2.8Mb
     tutorials 1.0Mb
Flavor: r-patched-solaris-x86