CRAN Package Check Results for Package ggraph

Last updated on 2019-09-21 00:52:41 CEST.

Flavor Version Tinstall Tcheck Ttotal Status Flags
r-devel-linux-x86_64-debian-clang 2.0.0 68.98 206.56 275.54 OK
r-devel-linux-x86_64-debian-gcc 2.0.0 54.72 156.75 211.47 OK
r-devel-linux-x86_64-fedora-clang 2.0.0 356.71 NOTE
r-devel-linux-x86_64-fedora-gcc 2.0.0 338.94 OK
r-devel-windows-ix86+x86_64 2.0.0 173.00 402.00 575.00 NOTE
r-patched-linux-x86_64 2.0.0 61.92 203.07 264.99 OK
r-patched-solaris-x86 2.0.0 444.90 NOTE
r-release-linux-x86_64 2.0.0 60.94 204.02 264.96 OK
r-release-windows-ix86+x86_64 2.0.0 126.00 325.00 451.00 NOTE
r-release-osx-x86_64 2.0.0 NOTE
r-oldrel-windows-ix86+x86_64 2.0.0 107.00 305.00 412.00 NOTE
r-oldrel-osx-x86_64 2.0.0 NOTE

Check Details

Version: 2.0.0
Check: installed package size
Result: NOTE
     installed size is 7.5Mb
     sub-directories of 1Mb or more:
     doc 3.6Mb
     libs 2.6Mb
Flavors: r-devel-linux-x86_64-fedora-clang, r-devel-windows-ix86+x86_64, r-patched-solaris-x86, r-release-windows-ix86+x86_64, r-release-osx-x86_64, r-oldrel-windows-ix86+x86_64, r-oldrel-osx-x86_64