CRAN Package Check Results for Package ggstatsplot

Last updated on 2019-09-16 00:47:41 CEST.

Flavor Version Tinstall Tcheck Ttotal Status Flags
r-devel-linux-x86_64-debian-clang 0.1.1 22.22 290.23 312.45 OK
r-devel-linux-x86_64-debian-gcc 0.1.1 19.05 216.74 235.79 OK
r-devel-linux-x86_64-fedora-clang 0.1.1 409.08 OK
r-devel-linux-x86_64-fedora-gcc 0.1.1 276.48 OK
r-devel-windows-ix86+x86_64 0.1.1 79.00 446.00 525.00 OK
r-patched-linux-x86_64 0.1.1 23.60 282.23 305.83 OK
r-patched-solaris-x86 0.1.1 523.10 OK
r-release-linux-x86_64 0.1.1 22.47 280.62 303.09 OK
r-release-windows-ix86+x86_64 0.1.1 67.00 311.00 378.00 OK
r-release-osx-x86_64 0.1.1 OK
r-oldrel-windows-ix86+x86_64 0.1.1 82.00 427.00 509.00 OK
r-oldrel-osx-x86_64 0.1.1 ERROR

Check Details

Version: 0.1.1
Check: package dependencies
Result: ERROR
    Package required but not available: ‘statsExpressions’
    
    Package required and available but unsuitable version: ‘groupedstats’
    
    See section ‘The DESCRIPTION file’ in the ‘Writing R Extensions’
    manual.
Flavor: r-oldrel-osx-x86_64